{"id":1280,"date":"2019-11-17T10:42:53","date_gmt":"2019-11-17T08:42:53","guid":{"rendered":"https:\/\/tudulinnakultuurikants.ee\/?page_id=1280"},"modified":"2019-11-17T16:55:59","modified_gmt":"2019-11-17T14:55:59","slug":"parandivaderite-paev-29-oktoobril-2019","status":"publish","type":"page","link":"https:\/\/tudulinnakultuurikants.ee\/?page_id=1280","title":{"rendered":"P\u00e4randivaderite p\u00e4ev 29. oktoobril 2019"},"content":{"rendered":"<div id=\"pl-1280\"  class=\"panel-layout\" ><div id=\"pg-1280-0\"  class=\"panel-grid panel-has-style\" ><div style=\"padding-top: 30px; padding-bottom: 30px; \" class=\"panel-row-style panel-row-style-for-1280-0\" ><div id=\"pgc-1280-0-0\"  class=\"panel-grid-cell\" ><div id=\"panel-1280-0-0-0\" class=\"so-panel widget widget_text panel-first-child panel-last-child\" data-index=\"0\" ><h3 class=\"widget-title\">Kohtla-J\u00e4rve kooli\u00f5pilased Tudulinnas P\u00e4randivaderitena<\/h3>\t\t\t<div class=\"textwidget\"><p>Tore p\u00e4randivaderite traditsioon j\u00e4tkus\u00a029. oktoobril 2019, mil Kohtla-J\u00e4rve Maleva p\u00f5hikooli ja Kohtla-J\u00e4rve Ahtme p\u00f5hikooli 6. ja 9. klasside \u00f5pilased k\u00e4isid Tudulinnas aidates korrastada nii vana puukiriku kui ka M\u00f6ldri tuuleveski \u00fcmbrust ja sisemust. Palju kasulikku t\u00f6\u00f6d sai \u00fcheskoos \u00e4ra tehtud. Tublid noored said p\u00e4eva jooksul palju huvitavat teada nii Tudulinna, siinsete kirikute \u00a0ja unikaalse veski ajaloost kui ka \u00a0sellest, kuidas vanasti viljateradest leivajahu tehti. T\u00f5en\u00e4oliselt olid nii m\u00f5nedki p\u00e4randivaderitest \u00fcldse esmakordselt Tudulinnas ehkki Kohtla-J\u00e4rve ei ole linnulennult \u00fcldse v\u00e4ga kaugel.<\/p>\n<p>Tegusat p\u00e4eva aitasid MT\u00dc Tudulinna Kultuurikantsi poolt ette valmistada ja l\u00e4bi viia juhatuse liikmed Lauri V\u00e4inmaa, Aili Reiman ja Merike Vaarmets.<\/p>\n<\/div>\n\t\t<\/div><\/div><div id=\"pgc-1280-0-1\"  class=\"panel-grid-cell\" ><div id=\"panel-1280-0-1-0\" class=\"so-panel widget widget_media_image panel-first-child\" data-index=\"1\" ><figure style=\"width: 1024px\" class=\"wp-caption alignnone\"><img loading=\"lazy\" decoding=\"async\" width=\"1024\" height=\"768\" src=\"https:\/\/tudulinnakultuurikants.ee\/wp-content\/uploads\/2019\/11\/IMG_7484-2-1024x768.jpg\" class=\"image wp-image-1283  attachment-large size-large\" alt=\"\" style=\"max-width: 100%; height: auto;\" srcset=\"https:\/\/tudulinnakultuurikants.ee\/wp-content\/uploads\/2019\/11\/IMG_7484-2-1024x768.jpg 1024w, https:\/\/tudulinnakultuurikants.ee\/wp-content\/uploads\/2019\/11\/IMG_7484-2-300x225.jpg 300w, https:\/\/tudulinnakultuurikants.ee\/wp-content\/uploads\/2019\/11\/IMG_7484-2-768x576.jpg 768w, https:\/\/tudulinnakultuurikants.ee\/wp-content\/uploads\/2019\/11\/IMG_7484-2-1536x1152.jpg 1536w, https:\/\/tudulinnakultuurikants.ee\/wp-content\/uploads\/2019\/11\/IMG_7484-2-2048x1536.jpg 2048w, https:\/\/tudulinnakultuurikants.ee\/wp-content\/uploads\/2019\/11\/IMG_7484-2-710x533.jpg 710w\" sizes=\"auto, (max-width: 1024px) 100vw, 1024px\" \/><figcaption class=\"wp-caption-text\">P\u00e4randivaderid tuuliku uksel.  Foto: Olga Mesilane<\/figcaption><\/figure><\/div><div id=\"panel-1280-0-1-1\" class=\"so-panel widget widget_media_image\" data-index=\"2\" ><figure style=\"width: 1024px\" class=\"wp-caption alignnone\"><img loading=\"lazy\" decoding=\"async\" width=\"1024\" height=\"768\" src=\"https:\/\/tudulinnakultuurikants.ee\/wp-content\/uploads\/2019\/11\/IMG_7507-2-1024x768.jpg\" class=\"image wp-image-1286  attachment-large size-large\" alt=\"\" style=\"max-width: 100%; height: auto;\" srcset=\"https:\/\/tudulinnakultuurikants.ee\/wp-content\/uploads\/2019\/11\/IMG_7507-2-1024x768.jpg 1024w, https:\/\/tudulinnakultuurikants.ee\/wp-content\/uploads\/2019\/11\/IMG_7507-2-300x225.jpg 300w, https:\/\/tudulinnakultuurikants.ee\/wp-content\/uploads\/2019\/11\/IMG_7507-2-768x576.jpg 768w, https:\/\/tudulinnakultuurikants.ee\/wp-content\/uploads\/2019\/11\/IMG_7507-2-1536x1152.jpg 1536w, https:\/\/tudulinnakultuurikants.ee\/wp-content\/uploads\/2019\/11\/IMG_7507-2-2048x1536.jpg 2048w, https:\/\/tudulinnakultuurikants.ee\/wp-content\/uploads\/2019\/11\/IMG_7507-2-710x533.jpg 710w\" sizes=\"auto, (max-width: 1024px) 100vw, 1024px\" \/><figcaption class=\"wp-caption-text\">P\u00e4randvaderid tutvumas Tudulinna Linnam\u00e4e vaatamisv\u00e4\u00e4rsusi tutvustava infostendiga. Taamal M\u00f6ldri tuulik.   Foto: Olga Mesilane<\/figcaption><\/figure><\/div><div id=\"panel-1280-0-1-2\" class=\"so-panel widget widget_media_image\" data-index=\"3\" ><figure style=\"width: 1024px\" class=\"wp-caption alignnone\"><img loading=\"lazy\" decoding=\"async\" width=\"1024\" height=\"768\" src=\"https:\/\/tudulinnakultuurikants.ee\/wp-content\/uploads\/2019\/11\/IMG_7504-2-1024x768.jpg\" class=\"image wp-image-1285  attachment-large size-large\" alt=\"\" style=\"max-width: 100%; height: auto;\" srcset=\"https:\/\/tudulinnakultuurikants.ee\/wp-content\/uploads\/2019\/11\/IMG_7504-2-1024x768.jpg 1024w, https:\/\/tudulinnakultuurikants.ee\/wp-content\/uploads\/2019\/11\/IMG_7504-2-300x225.jpg 300w, https:\/\/tudulinnakultuurikants.ee\/wp-content\/uploads\/2019\/11\/IMG_7504-2-768x576.jpg 768w, https:\/\/tudulinnakultuurikants.ee\/wp-content\/uploads\/2019\/11\/IMG_7504-2-1536x1152.jpg 1536w, https:\/\/tudulinnakultuurikants.ee\/wp-content\/uploads\/2019\/11\/IMG_7504-2-2048x1536.jpg 2048w, https:\/\/tudulinnakultuurikants.ee\/wp-content\/uploads\/2019\/11\/IMG_7504-2-710x533.jpg 710w\" sizes=\"auto, (max-width: 1024px) 100vw, 1024px\" \/><figcaption class=\"wp-caption-text\">P\u00e4randivaderid tutvumas Tudulinna vana puukirikuga. P\u00f5nevat ajalugu tutvustab lauri V\u00e4inmaa.  Foto: Olga Mesilane<\/figcaption><\/figure><\/div><div id=\"panel-1280-0-1-3\" class=\"so-panel widget widget_media_image panel-last-child\" data-index=\"4\" ><figure style=\"width: 1024px\" class=\"wp-caption alignnone\"><img loading=\"lazy\" decoding=\"async\" width=\"1024\" height=\"768\" src=\"https:\/\/tudulinnakultuurikants.ee\/wp-content\/uploads\/2019\/11\/IMG_7503-2-1024x768.jpg\" class=\"image wp-image-1284  attachment-large size-large\" alt=\"\" style=\"max-width: 100%; height: auto;\" srcset=\"https:\/\/tudulinnakultuurikants.ee\/wp-content\/uploads\/2019\/11\/IMG_7503-2-1024x768.jpg 1024w, https:\/\/tudulinnakultuurikants.ee\/wp-content\/uploads\/2019\/11\/IMG_7503-2-300x225.jpg 300w, https:\/\/tudulinnakultuurikants.ee\/wp-content\/uploads\/2019\/11\/IMG_7503-2-768x576.jpg 768w, https:\/\/tudulinnakultuurikants.ee\/wp-content\/uploads\/2019\/11\/IMG_7503-2-1536x1152.jpg 1536w, https:\/\/tudulinnakultuurikants.ee\/wp-content\/uploads\/2019\/11\/IMG_7503-2-2048x1536.jpg 2048w, https:\/\/tudulinnakultuurikants.ee\/wp-content\/uploads\/2019\/11\/IMG_7503-2-710x533.jpg 710w\" sizes=\"auto, (max-width: 1024px) 100vw, 1024px\" \/><figcaption class=\"wp-caption-text\">P\u00e4randivaderid koristamas Tudulinna vana puukiriku \u00fcmbrust. Foto: Olga Mesilane<\/figcaption><\/figure><\/div><\/div><\/div><\/div><\/div>","protected":false},"excerpt":{"rendered":"<p>Tore p\u00e4randivaderite traditsioon j\u00e4tkus\u00a029. oktoobril 2019, mil Kohtla-J\u00e4rve Maleva p\u00f5hikooli ja Kohtla-J\u00e4rve Ahtme p\u00f5hikooli 6. ja 9. klasside \u00f5pilased k\u00e4isid Tudulinnas aidates korrastada nii vana puukiriku kui ka M\u00f6ldri tuuleveski \u00fcmbrust ja sisemust. Palju kasulikku t\u00f6\u00f6d sai \u00fcheskoos \u00e4ra tehtud. Tublid noored said p\u00e4eva jooksul palju huvitavat teada nii Tudulinna,&nbsp;[ &hellip; ]<\/p>\n","protected":false},"author":2,"featured_media":0,"parent":0,"menu_order":0,"comment_status":"closed","ping_status":"closed","template":"","meta":{"_bbp_topic_count":0,"_bbp_reply_count":0,"_bbp_total_topic_count":0,"_bbp_total_reply_count":0,"_bbp_voice_count":0,"_bbp_anonymous_reply_count":0,"_bbp_topic_count_hidden":0,"_bbp_reply_count_hidden":0,"_bbp_forum_subforum_count":0,"footnotes":"","_links_to":"","_links_to_target":""},"class_list":["post-1280","page","type-page","status-publish","hentry","list-style-post"],"_links":{"self":[{"href":"https:\/\/tudulinnakultuurikants.ee\/index.php?rest_route=\/wp\/v2\/pages\/1280","targetHints":{"allow":["GET"]}}],"collection":[{"href":"https:\/\/tudulinnakultuurikants.ee\/index.php?rest_route=\/wp\/v2\/pages"}],"about":[{"href":"https:\/\/tudulinnakultuurikants.ee\/index.php?rest_route=\/wp\/v2\/types\/page"}],"author":[{"embeddable":true,"href":"https:\/\/tudulinnakultuurikants.ee\/index.php?rest_route=\/wp\/v2\/users\/2"}],"replies":[{"embeddable":true,"href":"https:\/\/tudulinnakultuurikants.ee\/index.php?rest_route=%2Fwp%2Fv2%2Fcomments&post=1280"}],"version-history":[{"count":15,"href":"https:\/\/tudulinnakultuurikants.ee\/index.php?rest_route=\/wp\/v2\/pages\/1280\/revisions"}],"predecessor-version":[{"id":1304,"href":"https:\/\/tudulinnakultuurikants.ee\/index.php?rest_route=\/wp\/v2\/pages\/1280\/revisions\/1304"}],"wp:attachment":[{"href":"https:\/\/tudulinnakultuurikants.ee\/index.php?rest_route=%2Fwp%2Fv2%2Fmedia&parent=1280"}],"curies":[{"name":"wp","href":"https:\/\/api.w.org\/{rel}","templated":true}]}}