{"id":1535,"date":"2021-08-17T21:51:27","date_gmt":"2021-08-17T19:51:27","guid":{"rendered":"https:\/\/tudulinnakultuurikants.ee\/?page_id=1535"},"modified":"2021-08-17T21:59:43","modified_gmt":"2021-08-17T19:59:43","slug":"moisakohviku-paev-ja-iv-suvefestival-tudulinna-tuled","status":"publish","type":"page","link":"https:\/\/tudulinnakultuurikants.ee\/?page_id=1535","title":{"rendered":"M\u00f5isakohviku P\u00e4ev ja IV suvefestival Tudulinna Tuled"},"content":{"rendered":"<div id=\"pl-1535\"  class=\"panel-layout\" ><div id=\"pg-1535-0\"  class=\"panel-grid panel-has-style\" ><div style=\"padding-top: 30px; padding-bottom: 30px; \" class=\"panel-row-style panel-row-style-for-1535-0\" ><div id=\"pgc-1535-0-0\"  class=\"panel-grid-cell\" ><div id=\"panel-1535-0-0-0\" class=\"so-panel widget widget_sow-editor panel-first-child panel-last-child\" data-index=\"0\" ><div\n\t\t\t\n\t\t\tclass=\"so-widget-sow-editor so-widget-sow-editor-base\"\n\t\t\t\n\t\t>\n<div class=\"siteorigin-widget-tinymce textwidget\">\n\t<p>14 augustil 2021 tuli rahvas kokku <strong>Tudulinna Linnam\u00e4ele<\/strong> veetma meeleolukat suvep\u00e4eva.<\/p>\n<p>Hommikupoole sisustas esmakordselt siin peetav <strong>M\u00f5isakohviku P\u00e4ev<\/strong>. Lisaks rikkalikule toiduvalikule sai nautida <strong>Henri Aruk\u00fcla<\/strong> hoogsaid saksofonihelisid, naerda kloun <strong>Ummi<\/strong> veidruste \u00fcle ning kuulata Andres Meresmaa ettekandes \u00fclevaadet <strong>Tudulinna m\u00f5isa<\/strong> ajaloost ja elanikest.<\/p>\n<p>P\u00e4eva teises pooles leidis aset juba neljandat korda peetav <strong>festival Tudulinna Tuled<\/strong>. Selle vaheldusrikas programm pakkus lustakaid n\u00e4omaalinguid lastele ning ka teatrietendust pere noorematele <strong>Lasteteatri<\/strong> esituses.<\/p>\n<p>Toredate kalamehe-, looduse ja muude juttudega r\u00f5\u00f5mustas rahvast <strong>Vladislav Kor\u017eets<\/strong>, kes luges ette hulgaliselt oma m\u00f5nusaid luuletusi erinevatest aegadest. Seej\u00e4rel oli k\u00f5igil soovijatel suurep\u00e4rane v\u00f5imalus tema luulekogusid soodushinnaga osta. Seda v\u00f5imalust kasutatigi usinalt.<\/p>\n<p>Kirjanduslikel teemadel festival j\u00e4tkus. Hiljuti lahkunud MT\u00dc Tudulinna Kultuurikants auliikme <strong>Nathan Kuke<\/strong> kirjanduslikku p\u00e4randit tutvustas \u00fchingu juhatuse esimees Lauri V\u00e4inmaa. Ka siin oli hea v\u00f5imalus andeka sulemeistri luulekogusid ja elulooraamatuid soetada.<\/p>\n<p>Festivali peaesineja oli seekord igihaljas <strong>Siiri Sisask<\/strong>. Tema sugestiivne muusika oli loodud \u00fcksnes legendaarse Uku Masingu tekstidele. <strong>Kontsert \"R\u00e4nnak\"<\/strong> viis publiku pikkadele m\u00f5tter\u00e4nnakutele loojuva \u00f5htup\u00e4ikese saatel. Oli lummav \u00f5htutund Tudulinna Linnam\u00e4el.<\/p>\n<p>Festivalik\u00fclaliste toitlustuse eest hoolitsesid kohalikud pagarid Tornikuke restoranis.<\/p>\n<p>Festivali Tudulinna Tuled korraldamist toetasid Alutaguse vallavalitsus ja Kohaliku Omaalgatuse Programm (KOP).<\/p>\n<\/div>\n<\/div><\/div><\/div><div id=\"pgc-1535-0-1\"  class=\"panel-grid-cell\" ><div id=\"panel-1535-0-1-0\" class=\"so-panel widget widget_media_image panel-first-child\" data-index=\"1\" ><figure style=\"width: 300px\" class=\"wp-caption alignnone\"><img loading=\"lazy\" decoding=\"async\" width=\"300\" height=\"200\" src=\"https:\/\/tudulinnakultuurikants.ee\/wp-content\/uploads\/2021\/08\/IMG_9530-300x200.jpg\" class=\"image wp-image-1545  attachment-medium size-medium\" alt=\"\" style=\"max-width: 100%; height: auto;\" srcset=\"https:\/\/tudulinnakultuurikants.ee\/wp-content\/uploads\/2021\/08\/IMG_9530-300x200.jpg 300w, https:\/\/tudulinnakultuurikants.ee\/wp-content\/uploads\/2021\/08\/IMG_9530-1024x683.jpg 1024w, https:\/\/tudulinnakultuurikants.ee\/wp-content\/uploads\/2021\/08\/IMG_9530-768x512.jpg 768w, https:\/\/tudulinnakultuurikants.ee\/wp-content\/uploads\/2021\/08\/IMG_9530-600x400.jpg 600w, https:\/\/tudulinnakultuurikants.ee\/wp-content\/uploads\/2021\/08\/IMG_9530-1536x1024.jpg 1536w, https:\/\/tudulinnakultuurikants.ee\/wp-content\/uploads\/2021\/08\/IMG_9530-2048x1365.jpg 2048w, https:\/\/tudulinnakultuurikants.ee\/wp-content\/uploads\/2021\/08\/IMG_9530-270x180.jpg 270w, https:\/\/tudulinnakultuurikants.ee\/wp-content\/uploads\/2021\/08\/IMG_9530-710x473.jpg 710w, https:\/\/tudulinnakultuurikants.ee\/wp-content\/uploads\/2021\/08\/IMG_9530-272x182.jpg 272w\" sizes=\"auto, (max-width: 300px) 100vw, 300px\" \/><figcaption class=\"wp-caption-text\">Imeline muusika kaunil p\u00e4ikeseloojangul.   Laval on Siiri Sisask. Foto: Andres Meresmaa<\/figcaption><\/figure><\/div><div id=\"panel-1535-0-1-1\" class=\"so-panel widget widget_media_image\" data-index=\"2\" ><figure style=\"width: 200px\" class=\"wp-caption alignnone\"><img loading=\"lazy\" decoding=\"async\" width=\"200\" height=\"300\" src=\"https:\/\/tudulinnakultuurikants.ee\/wp-content\/uploads\/2021\/08\/IMG_9508-200x300.jpg\" class=\"image wp-image-1540  attachment-medium size-medium\" alt=\"\" style=\"max-width: 100%; height: auto;\" srcset=\"https:\/\/tudulinnakultuurikants.ee\/wp-content\/uploads\/2021\/08\/IMG_9508-200x300.jpg 200w, https:\/\/tudulinnakultuurikants.ee\/wp-content\/uploads\/2021\/08\/IMG_9508-683x1024.jpg 683w, https:\/\/tudulinnakultuurikants.ee\/wp-content\/uploads\/2021\/08\/IMG_9508-768x1152.jpg 768w, https:\/\/tudulinnakultuurikants.ee\/wp-content\/uploads\/2021\/08\/IMG_9508-1024x1536.jpg 1024w, https:\/\/tudulinnakultuurikants.ee\/wp-content\/uploads\/2021\/08\/IMG_9508-1365x2048.jpg 1365w, https:\/\/tudulinnakultuurikants.ee\/wp-content\/uploads\/2021\/08\/IMG_9508-710x1065.jpg 710w, https:\/\/tudulinnakultuurikants.ee\/wp-content\/uploads\/2021\/08\/IMG_9508.jpg 1664w\" sizes=\"auto, (max-width: 200px) 100vw, 200px\" \/><figcaption class=\"wp-caption-text\">Alati muhe Vladislav Kor\u017eets pajatas lugusid paljudel teemadel.  Foto: Andres Meresmaa<\/figcaption><\/figure><\/div><div id=\"panel-1535-0-1-2\" class=\"so-panel widget widget_media_image\" data-index=\"3\" ><figure style=\"width: 300px\" class=\"wp-caption alignnone\"><img loading=\"lazy\" decoding=\"async\" width=\"300\" height=\"200\" src=\"https:\/\/tudulinnakultuurikants.ee\/wp-content\/uploads\/2021\/08\/IMG_9499-300x200.jpg\" class=\"image wp-image-1538  attachment-medium size-medium\" alt=\"\" style=\"max-width: 100%; height: auto;\" srcset=\"https:\/\/tudulinnakultuurikants.ee\/wp-content\/uploads\/2021\/08\/IMG_9499-300x200.jpg 300w, https:\/\/tudulinnakultuurikants.ee\/wp-content\/uploads\/2021\/08\/IMG_9499-1024x683.jpg 1024w, https:\/\/tudulinnakultuurikants.ee\/wp-content\/uploads\/2021\/08\/IMG_9499-768x512.jpg 768w, https:\/\/tudulinnakultuurikants.ee\/wp-content\/uploads\/2021\/08\/IMG_9499-600x400.jpg 600w, https:\/\/tudulinnakultuurikants.ee\/wp-content\/uploads\/2021\/08\/IMG_9499-1536x1024.jpg 1536w, https:\/\/tudulinnakultuurikants.ee\/wp-content\/uploads\/2021\/08\/IMG_9499-2048x1365.jpg 2048w, https:\/\/tudulinnakultuurikants.ee\/wp-content\/uploads\/2021\/08\/IMG_9499-270x180.jpg 270w, https:\/\/tudulinnakultuurikants.ee\/wp-content\/uploads\/2021\/08\/IMG_9499-710x473.jpg 710w, https:\/\/tudulinnakultuurikants.ee\/wp-content\/uploads\/2021\/08\/IMG_9499-272x182.jpg 272w\" sizes=\"auto, (max-width: 300px) 100vw, 300px\" \/><figcaption class=\"wp-caption-text\">Lasteteater pakkus palju r\u00f5\u00f5mu nii lastele kui nende vanematelegi.  Foto: Andres Meresmaa<\/figcaption><\/figure><\/div><div id=\"panel-1535-0-1-3\" class=\"so-panel widget widget_media_image\" data-index=\"4\" ><figure style=\"width: 300px\" class=\"wp-caption alignnone\"><img loading=\"lazy\" decoding=\"async\" width=\"300\" height=\"200\" src=\"https:\/\/tudulinnakultuurikants.ee\/wp-content\/uploads\/2021\/08\/IMG_9525-300x200.jpg\" class=\"image wp-image-1544  attachment-medium size-medium\" alt=\"\" style=\"max-width: 100%; height: auto;\" srcset=\"https:\/\/tudulinnakultuurikants.ee\/wp-content\/uploads\/2021\/08\/IMG_9525-300x200.jpg 300w, https:\/\/tudulinnakultuurikants.ee\/wp-content\/uploads\/2021\/08\/IMG_9525-1024x683.jpg 1024w, https:\/\/tudulinnakultuurikants.ee\/wp-content\/uploads\/2021\/08\/IMG_9525-768x512.jpg 768w, https:\/\/tudulinnakultuurikants.ee\/wp-content\/uploads\/2021\/08\/IMG_9525-600x400.jpg 600w, https:\/\/tudulinnakultuurikants.ee\/wp-content\/uploads\/2021\/08\/IMG_9525-1536x1024.jpg 1536w, https:\/\/tudulinnakultuurikants.ee\/wp-content\/uploads\/2021\/08\/IMG_9525-2048x1365.jpg 2048w, https:\/\/tudulinnakultuurikants.ee\/wp-content\/uploads\/2021\/08\/IMG_9525-270x180.jpg 270w, https:\/\/tudulinnakultuurikants.ee\/wp-content\/uploads\/2021\/08\/IMG_9525-710x473.jpg 710w, https:\/\/tudulinnakultuurikants.ee\/wp-content\/uploads\/2021\/08\/IMG_9525-272x182.jpg 272w\" sizes=\"auto, (max-width: 300px) 100vw, 300px\" \/><figcaption class=\"wp-caption-text\">Festivalipublik on kontserdilummuses.  Foto: Andres Meresmaa<\/figcaption><\/figure><\/div><div id=\"panel-1535-0-1-4\" class=\"so-panel widget widget_media_image\" data-index=\"5\" ><figure style=\"width: 300px\" class=\"wp-caption alignnone\"><img loading=\"lazy\" decoding=\"async\" width=\"300\" height=\"200\" src=\"https:\/\/tudulinnakultuurikants.ee\/wp-content\/uploads\/2021\/08\/IMG_9516-300x200.jpg\" class=\"image wp-image-1542  attachment-medium size-medium\" alt=\"\" style=\"max-width: 100%; height: auto;\" srcset=\"https:\/\/tudulinnakultuurikants.ee\/wp-content\/uploads\/2021\/08\/IMG_9516-300x200.jpg 300w, https:\/\/tudulinnakultuurikants.ee\/wp-content\/uploads\/2021\/08\/IMG_9516-1024x683.jpg 1024w, https:\/\/tudulinnakultuurikants.ee\/wp-content\/uploads\/2021\/08\/IMG_9516-768x512.jpg 768w, https:\/\/tudulinnakultuurikants.ee\/wp-content\/uploads\/2021\/08\/IMG_9516-600x400.jpg 600w, https:\/\/tudulinnakultuurikants.ee\/wp-content\/uploads\/2021\/08\/IMG_9516-1536x1024.jpg 1536w, https:\/\/tudulinnakultuurikants.ee\/wp-content\/uploads\/2021\/08\/IMG_9516-2048x1365.jpg 2048w, https:\/\/tudulinnakultuurikants.ee\/wp-content\/uploads\/2021\/08\/IMG_9516-270x180.jpg 270w, https:\/\/tudulinnakultuurikants.ee\/wp-content\/uploads\/2021\/08\/IMG_9516-710x473.jpg 710w, https:\/\/tudulinnakultuurikants.ee\/wp-content\/uploads\/2021\/08\/IMG_9516-272x182.jpg 272w\" sizes=\"auto, (max-width: 300px) 100vw, 300px\" \/><figcaption class=\"wp-caption-text\">Hiljuti meie seast lahkunud auv\u00e4\u00e4rse Nathan Kuke loomingut tutvustab Lauri V\u00e4inmaa.  Foto: Andres Meresmaa<\/figcaption><\/figure><\/div><div id=\"panel-1535-0-1-5\" class=\"so-panel widget widget_media_image panel-last-child\" data-index=\"6\" ><figure style=\"width: 300px\" class=\"wp-caption alignnone\"><img loading=\"lazy\" decoding=\"async\" width=\"300\" height=\"200\" src=\"https:\/\/tudulinnakultuurikants.ee\/wp-content\/uploads\/2021\/08\/IMG_9488-300x200.jpg\" class=\"image wp-image-1536  attachment-medium size-medium\" alt=\"\" style=\"max-width: 100%; height: auto;\" srcset=\"https:\/\/tudulinnakultuurikants.ee\/wp-content\/uploads\/2021\/08\/IMG_9488-300x200.jpg 300w, https:\/\/tudulinnakultuurikants.ee\/wp-content\/uploads\/2021\/08\/IMG_9488-1024x683.jpg 1024w, https:\/\/tudulinnakultuurikants.ee\/wp-content\/uploads\/2021\/08\/IMG_9488-768x512.jpg 768w, https:\/\/tudulinnakultuurikants.ee\/wp-content\/uploads\/2021\/08\/IMG_9488-600x400.jpg 600w, https:\/\/tudulinnakultuurikants.ee\/wp-content\/uploads\/2021\/08\/IMG_9488-1536x1024.jpg 1536w, https:\/\/tudulinnakultuurikants.ee\/wp-content\/uploads\/2021\/08\/IMG_9488-2048x1365.jpg 2048w, https:\/\/tudulinnakultuurikants.ee\/wp-content\/uploads\/2021\/08\/IMG_9488-270x180.jpg 270w, https:\/\/tudulinnakultuurikants.ee\/wp-content\/uploads\/2021\/08\/IMG_9488-710x473.jpg 710w, https:\/\/tudulinnakultuurikants.ee\/wp-content\/uploads\/2021\/08\/IMG_9488-272x182.jpg 272w\" sizes=\"auto, (max-width: 300px) 100vw, 300px\" \/><figcaption class=\"wp-caption-text\">Parimaid h\u00f5rgutisi Tudulinna meistritelt sai nautida Tornikuke restoranis.  Foto: Andres Meresmaa<\/figcaption><\/figure><\/div><\/div><\/div><\/div><\/div>","protected":false},"excerpt":{"rendered":"<p>14 augustil 2021 tuli rahvas kokku Tudulinna Linnam\u00e4ele veetma meeleolukat suvep\u00e4eva. Hommikupoole sisustas esmakordselt siin peetav M\u00f5isakohviku P\u00e4ev. Lisaks rikkalikule toiduvalikule sai nautida Henri Aruk\u00fcla hoogsaid saksofonihelisid, naerda kloun Ummi veidruste \u00fcle ning kuulata Andres Meresmaa ettekandes \u00fclevaadet Tudulinna m\u00f5isa ajaloost ja elanikest. P\u00e4eva teises pooles leidis aset juba neljandat&nbsp;[ &hellip; ]<\/p>\n","protected":false},"author":2,"featured_media":0,"parent":0,"menu_order":0,"comment_status":"closed","ping_status":"closed","template":"","meta":{"_bbp_topic_count":0,"_bbp_reply_count":0,"_bbp_total_topic_count":0,"_bbp_total_reply_count":0,"_bbp_voice_count":0,"_bbp_anonymous_reply_count":0,"_bbp_topic_count_hidden":0,"_bbp_reply_count_hidden":0,"_bbp_forum_subforum_count":0,"footnotes":"","_links_to":"","_links_to_target":""},"class_list":["post-1535","page","type-page","status-publish","hentry","list-style-post"],"_links":{"self":[{"href":"https:\/\/tudulinnakultuurikants.ee\/index.php?rest_route=\/wp\/v2\/pages\/1535","targetHints":{"allow":["GET"]}}],"collection":[{"href":"https:\/\/tudulinnakultuurikants.ee\/index.php?rest_route=\/wp\/v2\/pages"}],"about":[{"href":"https:\/\/tudulinnakultuurikants.ee\/index.php?rest_route=\/wp\/v2\/types\/page"}],"author":[{"embeddable":true,"href":"https:\/\/tudulinnakultuurikants.ee\/index.php?rest_route=\/wp\/v2\/users\/2"}],"replies":[{"embeddable":true,"href":"https:\/\/tudulinnakultuurikants.ee\/index.php?rest_route=%2Fwp%2Fv2%2Fcomments&post=1535"}],"version-history":[{"count":15,"href":"https:\/\/tudulinnakultuurikants.ee\/index.php?rest_route=\/wp\/v2\/pages\/1535\/revisions"}],"predecessor-version":[{"id":1568,"href":"https:\/\/tudulinnakultuurikants.ee\/index.php?rest_route=\/wp\/v2\/pages\/1535\/revisions\/1568"}],"wp:attachment":[{"href":"https:\/\/tudulinnakultuurikants.ee\/index.php?rest_route=%2Fwp%2Fv2%2Fmedia&parent=1535"}],"curies":[{"name":"wp","href":"https:\/\/api.w.org\/{rel}","templated":true}]}}