{"id":348,"date":"2019-04-13T19:50:58","date_gmt":"2019-04-13T17:50:58","guid":{"rendered":"https:\/\/tudulinnakirik.planet.ee\/?page_id=348"},"modified":"2023-10-03T17:05:12","modified_gmt":"2023-10-03T15:05:12","slug":"tulekul","status":"publish","type":"page","link":"https:\/\/tudulinnakultuurikants.ee\/?page_id=348","title":{"rendered":"Meediakajastus"},"content":{"rendered":"<p>Tudulinna vana kiriku lugu on leidnud viimastel aastatel aktiivselt kajastamist nii riiklikus kui kohalikus meedias. Siin m\u00f5ningad viited ilmunud lugudele:<\/p>\n<p><a href=\"https:\/\/m.delfi.ee\/ev100peret\/article.php?id=79223306&amp;fbclid=IwAR3XhM020DLnX89Q3WublNmlyJF3qOFZc-3gux4ra6tusSepviWA7uQu1oQ\">EV100 peret| Lauri V\u00e4inmaa: taastame Tudulinna vana puukiriku! Maaleht, 24.08.2017<\/a><\/p>\n<p><a href=\"https:\/\/dea.digar.ee\/cgi-bin\/dea?a=d&amp;d=pohjarannik20170729.2.6.3\">Tudulinna puukiriku taastamiseks loodi \u00fching. P\u00f5hjarannik, 29.07.2017<\/a><\/p>\n<p><a href=\"https:\/\/maaleht.delfi.ee\/news\/maaleht\/uudised\/fotod-talgulised-kasisid-tudulinna-vana-kirikut?id=79769902\">Talgulised kasisid Tudulinna vana kirikut. Maaleht, 09.10.2017<\/a><\/p>\n<p><a href=\"http:\/\/www.alutagusevald.ee\/documents\/12278831\/22590273\/Alutaguse_valla_leht_nr02_2018.pdf\/54670955-e2aa-45e9-bab4-9be965d258b7?version=1.0\">Tudulinna vana kirik \u00e4rkab elule. Alutaguse valla leht, veebruar 2018, lk 6<\/a><\/p>\n<p><a href=\"http:\/\/www.alutagusevald.ee\/documents\/12278831\/22590273\/Alutaguse_valla_leht_nr07_2018.pdf\/9bcd7e9e-9333-450b-b6cf-21148fd6fe90?version=1.0\">Tudulinna Heade Tegude P\u00e4ev. Alutaguse valla leht 07.2018, lk 6<\/a><\/p>\n<p><a href=\"https:\/\/reisijuht.delfi.ee\/archive\/eesti-100-aaret-vanuselt-viies-eestis-sailinud-puukirik?id=82962637\">EESTI 100 AARET | Vanuselt viies Eestis s\u00e4ilinud puukirik. DELFI reisijuht, 19.07.2018<\/a><\/p>\n<p><a href=\"https:\/\/pohjarannik.postimees.ee\/6749945\/tudulinna-puukiriku-elluaratamine-edeneb-tibusammudega\">Tudulinna puukiriku ellu\u00e4ratamine edeneb tibusammudega. P\u00f5hjarannik, 10.08.2019<\/a><\/p>\n<p><a href=\"http:\/\/www.alutagusevald.ee\/documents\/12278831\/18524080\/Alutaguse_valla_leht_nr8_2019.pdf\/3fef5f9e-daa8-488b-8c93-c0738b30bf4e?version=1.0\">Tudulinna Tuled 2019. Alutaguse valla leht, august 2019, lk 5<\/a><\/p>\n<p><a href=\"https:\/\/www.alutagusevald.ee\/documents\/12278831\/18524080\/Kogu_leht_ND_uus2.pdf\/6c6d1228-9673-4453-91a7-0a5d6897adce\">Tudulinna Tuled 2023\u00a0 Alutaguse valla leht, september 2023<\/a><\/p>\n<p>&nbsp;<\/p>\n","protected":false},"excerpt":{"rendered":"<p>Tudulinna vana kiriku lugu on leidnud viimastel aastatel aktiivselt kajastamist nii riiklikus kui kohalikus meedias. Siin m\u00f5ningad viited ilmunud lugudele: EV100 peret| Lauri V\u00e4inmaa: taastame Tudulinna vana puukiriku! Maaleht, 24.08.2017 Tudulinna puukiriku taastamiseks loodi \u00fching. P\u00f5hjarannik, 29.07.2017 Talgulised kasisid Tudulinna vana kirikut. Maaleht, 09.10.2017 Tudulinna vana kirik \u00e4rkab elule. Alutaguse&nbsp;[ &hellip; ]<\/p>\n","protected":false},"author":2,"featured_media":0,"parent":0,"menu_order":0,"comment_status":"closed","ping_status":"closed","template":"","meta":{"_bbp_topic_count":0,"_bbp_reply_count":0,"_bbp_total_topic_count":0,"_bbp_total_reply_count":0,"_bbp_voice_count":0,"_bbp_anonymous_reply_count":0,"_bbp_topic_count_hidden":0,"_bbp_reply_count_hidden":0,"_bbp_forum_subforum_count":0,"footnotes":"","_links_to":"","_links_to_target":""},"class_list":["post-348","page","type-page","status-publish","hentry","list-style-post"],"_links":{"self":[{"href":"https:\/\/tudulinnakultuurikants.ee\/index.php?rest_route=\/wp\/v2\/pages\/348","targetHints":{"allow":["GET"]}}],"collection":[{"href":"https:\/\/tudulinnakultuurikants.ee\/index.php?rest_route=\/wp\/v2\/pages"}],"about":[{"href":"https:\/\/tudulinnakultuurikants.ee\/index.php?rest_route=\/wp\/v2\/types\/page"}],"author":[{"embeddable":true,"href":"https:\/\/tudulinnakultuurikants.ee\/index.php?rest_route=\/wp\/v2\/users\/2"}],"replies":[{"embeddable":true,"href":"https:\/\/tudulinnakultuurikants.ee\/index.php?rest_route=%2Fwp%2Fv2%2Fcomments&post=348"}],"version-history":[{"count":26,"href":"https:\/\/tudulinnakultuurikants.ee\/index.php?rest_route=\/wp\/v2\/pages\/348\/revisions"}],"predecessor-version":[{"id":5476,"href":"https:\/\/tudulinnakultuurikants.ee\/index.php?rest_route=\/wp\/v2\/pages\/348\/revisions\/5476"}],"wp:attachment":[{"href":"https:\/\/tudulinnakultuurikants.ee\/index.php?rest_route=%2Fwp%2Fv2%2Fmedia&parent=348"}],"curies":[{"name":"wp","href":"https:\/\/api.w.org\/{rel}","templated":true}]}}