{"id":5373,"date":"2023-03-28T11:15:29","date_gmt":"2023-03-28T09:15:29","guid":{"rendered":"https:\/\/tudulinnakultuurikants.ee\/?page_id=5373"},"modified":"2026-01-27T19:46:30","modified_gmt":"2026-01-27T17:46:30","slug":"kirjandus-tudulinnast-tudulinlastest-ja-tudulinlastelt","status":"publish","type":"page","link":"https:\/\/tudulinnakultuurikants.ee\/?page_id=5373","title":{"rendered":"Kirjandus Tudulinnast, tudulinlastest ja tudulinlastelt"},"content":{"rendered":"<p>Tudulinna kandist on kirjutatud arvukalt uurimusi, m\u00e4lestusi ja mitmesuguseid kogumikke. Siin on valik olulisematest tr\u00fckistest; nimekiri t\u00e4ieneb pidevalt.<span style=\"color: #339966;\"> Rohelisega m\u00e4rgitud v\u00e4ljaandeid saab osta \/ tellida MT\u00dc Tudulinna Kultuurikants k\u00e4est:<\/span><\/p>\n<ul>\n<li><span style=\"color: #0000ff;\"><span style=\"color: #000000;\">&#8220;Tudulinna vanad suguv\u00f5sad&#8221;.<\/span>\u00a0 \u00a0<\/span>1987, 1997, 2011, <span style=\"color: #000000;\">2022.<\/span><\/li>\n<li><a href=\"https:\/\/tudulinnakultuurikants.ee\/?page_id=5739\">&#8220;Tudulinna kooli ajalugu ja t\u00e4nap\u00e4ev 1845-2015&#8221;.\u00a0 \u00a02015<\/a><\/li>\n<li>&#8220;Tudulinna talude raamat&#8221;.\u00a0 \u00a01991<\/li>\n<li><span style=\"color: #339966;\"><a style=\"color: #339966;\" href=\"https:\/\/tudulinnakultuurikants.ee\/?page_id=5790\">&#8220;Talutarest laulukaare alla. Tudulinna muusikalugu l\u00e4bi mitme sajandi.&#8221;\u00a0 2023<\/a><\/span><\/li>\n<li><a href=\"https:\/\/tudulinnakultuurikants.ee\/?page_id=5893\">&#8220;M\u00e4lestuste killud I&#8221;.\u00a0 \u00a0 2007<\/a><\/li>\n<li><a href=\"https:\/\/tudulinnakultuurikants.ee\/?page_id=5893\">&#8220;M\u00e4lestuste killud II&#8221;\u00a0 \u00a02009<\/a><\/li>\n<li><a href=\"https:\/\/tudulinnakultuurikants.ee\/?page_id=5893\">&#8220;M\u00e4lestuste killud III&#8221;\u00a0 2010<\/a><\/li>\n<li>&#8220;Roostoja k\u00fcla lugu I&#8221;\u00a0 \u00a02004<\/li>\n<li>&#8220;Roostoja k\u00fcla lugu II&#8221;\u00a0 \u00a02005<\/li>\n<li>&#8220;Roostoja k\u00fcla lugu III&#8221;\u00a0 \u00a02006<\/li>\n<li><a href=\"https:\/\/tudulinnakultuurikants.ee\/?page_id=5861\">Haamer, Linda &#8211; &#8220;M\u00f5nda Sahargu k\u00fcla olust ja tekkimisest kuni t\u00e4nap\u00e4evani v\u00e4lja&#8221;\u00a0 \u00a01983<\/a><\/li>\n<li><a href=\"https:\/\/tudulinnakultuurikants.ee\/?page_id=5700\">Haamer, Linda &#8211; &#8220;Tudulinna rahva kannatuste aastad 1940-1953&#8221;.\u00a0 \u00a01989<\/a><\/li>\n<li>Juuse, Reet &#8211; &#8220;Roostoja k\u00fcla lood m\u00e4lestustes&#8221;\u00a0 \u00a02017<\/li>\n<li>Juuse, Reet &#8211; &#8220;Roostoja k\u00fcla lood ajakirjanduses&#8221;\u00a0 \u00a02012<\/li>\n<li><a href=\"https:\/\/tudulinnakultuurikants.ee\/?page_id=5672\"><strong><span style=\"color: #339966;\">Karp, Elsa &#8211; &#8220;M\u00f5nda Tudulinna minevikust ja inimestest&#8221;.\u00a0 1978<\/span><\/strong><\/a><\/li>\n<li>Karp, Elsa &#8211; &#8220;Pikhofite suguv\u00f5sa kroonika&#8221;\u00a0 \u00a01986<\/li>\n<li>Karp, Karl &#8211; &#8220;Iisaku kihelkonna kirikuelu aastatel 1640-1940&#8221;.\u00a0 \u00a01991<\/li>\n<li>Kerge, Ago-Livius &#8211; &#8220;Doktor Jaan Kergest ja Tudulinnast&#8221;\u00a0 \u00a01983<\/li>\n<li><span style=\"color: #339966;\">Kerge, Ago-Livius &#8211; &#8220;Tudulinna &#8211; siit ma tulen&#8221;\u00a0 \u00a02015<\/span><\/li>\n<li><span style=\"color: #339966;\">Kerge, Ago-Livius &#8211; &#8220;Tudulinnast Tallinna arhitektiks&#8221;\u00a0 \u00a02016<\/span><\/li>\n<li><span style=\"color: #339966;\">Kerge, Ago-Livius &#8211; &#8220;Tudulinnast Eesti Kongressile&#8221;\u00a0 \u00a02017<\/span><\/li>\n<li><strong><span style=\"color: #339966;\"><a style=\"color: #339966;\" href=\"https:\/\/tudulinnakultuurikants.ee\/?page_id=5875\">Kerge, Ago-Livius &#8211; &#8220;Alutaguse uinuv kaunitar&#8221;\u00a0 \u00a02023<\/a><\/span><\/strong><\/li>\n<li><a href=\"https:\/\/tudulinnakultuurikants.ee\/?page_id=5885\">Lambur, Ruuben &#8211; &#8220;Alutaguse saaga. M\u00e4lestuste p\u00f5imik&#8221;\u00a0 \u00a0 2024<\/a><\/li>\n<li><a href=\"https:\/\/tudulinnakultuurikants.ee\/?page_id=5776\">Lepasaar, Juhan &#8211; &#8220;Laaneteedel&#8221;.\u00a0 \u00a01989<\/a><\/li>\n<li>Lepasaar, Juhan &#8211; &#8220;Laanetagused. Alutaguse muistsest elust-olust&#8221;\u00a0 1996<\/li>\n<li>Lepasaar, Juhan &#8211; &#8220;Sooradadel. Matkamuljeid Alutaguselt&#8221;\u00a0 \u00a01997, 2011<\/li>\n<li>Lepasaar, Juhan &#8211; &#8220;Ja metsad kohisevad, kohisevad&#8230;Metsavennad&#8221;\u00a0 1998<\/li>\n<li>Lepasaar, Juhan &#8211; &#8220;S\u00f5jajumala armuke. Maarjamaa umbkaudne ajalugu&#8221;\u00a0 2000<\/li>\n<li>Meresmaa, Robert &#8211; &#8220;Lugusid Tudulinna inimestest&#8221;\u00a0 2007<\/li>\n<li><span style=\"color: #339966;\">M\u00f6lder, Auguste &#8211; &#8220;M\u00e4lestusi koduk\u00fclast&#8221;.<\/span>\u00a0 \u00a01986, <span style=\"color: #339966;\">2022<\/span><\/li>\n<li><a href=\"https:\/\/tudulinnakultuurikants.ee\/?page_id=5718\">Ostrak, Evi ja Uustal, Bruno &#8211; &#8220;Kultuurihuvilised tudulinlased l\u00e4bi sajandi&#8221;.\u00a0 \u00a02015<\/a><\/li>\n<li><a href=\"https:\/\/tudulinnakultuurikants.ee\/?page_id=5686\">Parij\u00f5gi, J\u00fcri &#8211; &#8220;Alutaguse metsades&#8221;\u00a0 1937<\/a><\/li>\n<li>Pikknurm, Ants -&#8221; &#8230; ja kolhoos sai&#8221;.\u00a0 \u00a01983<\/li>\n<li>Pikknurm, Ants &#8211; &#8220;Tagasivaade. Tudulinna m\u00f5is ja kirik&#8221;.\u00a0 \u00a01986<\/li>\n<li>Rebas, Aho &#8211; &#8220;Toomarate ja Rebaste minevikust&#8221;.\u00a0 2013<\/li>\n<\/ul>\n","protected":false},"excerpt":{"rendered":"<p>Tudulinna kandist on kirjutatud arvukalt uurimusi, m\u00e4lestusi ja mitmesuguseid kogumikke. Siin on valik olulisematest tr\u00fckistest; nimekiri t\u00e4ieneb pidevalt. Rohelisega m\u00e4rgitud v\u00e4ljaandeid saab osta \/ tellida MT\u00dc Tudulinna Kultuurikants k\u00e4est: &#8220;Tudulinna vanad suguv\u00f5sad&#8221;.\u00a0 \u00a01987, 1997, 2011, 2022. &#8220;Tudulinna kooli ajalugu ja t\u00e4nap\u00e4ev 1845-2015&#8221;.\u00a0 \u00a02015 &#8220;Tudulinna talude raamat&#8221;.\u00a0 \u00a01991 &#8220;Talutarest laulukaare alla.&nbsp;[ &hellip; ]<\/p>\n","protected":false},"author":2,"featured_media":0,"parent":0,"menu_order":0,"comment_status":"closed","ping_status":"closed","template":"","meta":{"_bbp_topic_count":0,"_bbp_reply_count":0,"_bbp_total_topic_count":0,"_bbp_total_reply_count":0,"_bbp_voice_count":0,"_bbp_anonymous_reply_count":0,"_bbp_topic_count_hidden":0,"_bbp_reply_count_hidden":0,"_bbp_forum_subforum_count":0,"footnotes":"","_links_to":"","_links_to_target":""},"class_list":["post-5373","page","type-page","status-publish","hentry","list-style-post"],"_links":{"self":[{"href":"https:\/\/tudulinnakultuurikants.ee\/index.php?rest_route=\/wp\/v2\/pages\/5373","targetHints":{"allow":["GET"]}}],"collection":[{"href":"https:\/\/tudulinnakultuurikants.ee\/index.php?rest_route=\/wp\/v2\/pages"}],"about":[{"href":"https:\/\/tudulinnakultuurikants.ee\/index.php?rest_route=\/wp\/v2\/types\/page"}],"author":[{"embeddable":true,"href":"https:\/\/tudulinnakultuurikants.ee\/index.php?rest_route=\/wp\/v2\/users\/2"}],"replies":[{"embeddable":true,"href":"https:\/\/tudulinnakultuurikants.ee\/index.php?rest_route=%2Fwp%2Fv2%2Fcomments&post=5373"}],"version-history":[{"count":24,"href":"https:\/\/tudulinnakultuurikants.ee\/index.php?rest_route=\/wp\/v2\/pages\/5373\/revisions"}],"predecessor-version":[{"id":5985,"href":"https:\/\/tudulinnakultuurikants.ee\/index.php?rest_route=\/wp\/v2\/pages\/5373\/revisions\/5985"}],"wp:attachment":[{"href":"https:\/\/tudulinnakultuurikants.ee\/index.php?rest_route=%2Fwp%2Fv2%2Fmedia&parent=5373"}],"curies":[{"name":"wp","href":"https:\/\/api.w.org\/{rel}","templated":true}]}}