{"id":5503,"date":"2023-11-07T20:25:19","date_gmt":"2023-11-07T18:25:19","guid":{"rendered":"https:\/\/tudulinnakultuurikants.ee\/?page_id=5503"},"modified":"2023-11-07T20:25:19","modified_gmt":"2023-11-07T18:25:19","slug":"19-sajand","status":"publish","type":"page","link":"https:\/\/tudulinnakultuurikants.ee\/?page_id=5503","title":{"rendered":"19. sajand"},"content":{"rendered":"<p><strong>19 . <\/strong><strong>sajandit<\/strong> v\u00f5ib Tudulinna ajaloos nimetada kiire ja mitmek\u00fclgse arengu perioodiks. Alustame \u00fcldisema vaatega, mis oludes meie esiisad pidid elama ajal, mil kalendrites keerati ette aasta 1800.<\/p>\n<p>Talupojad olid j\u00e4tkuvalt sunnismaised p\u00e4risorjad. \u00d5nneks olid ajad tasapisi muutumas. <strong>P\u00e4risorjus kaotati<\/strong> Eestimaa kubermangus <strong>1816. aastal<\/strong> talurahvaseadusega, kuid kehtima j\u00e4id paljud p\u00e4risorjusega kaasnevad piirangud, n\u00e4iteks teoorjus. Liikumiskitsendused likvideeriti alles 1863. aasta passiseadusega. Teoorjus keelustati\u00a0 1868. aastal.<\/p>\n<p>Enamuse p\u00f5liste Tudulinna suguv\u00f5sade esivanemad olid sajandi alguseks juba siiakanti j\u00f5udnud. Edaspidi lisandus vaid \u00fcksikuid tulijaid (k\u00fcllap ikka m\u00f5isniku kutsel), kuid \u00fcldjuhul m\u00f5ne aja m\u00f6\u00f6dudes nad lahkusid j\u00e4tmata Tudulinna endast p\u00fcsivaid j\u00e4lgi. Mujale \u00f5nne otsima r\u00e4ndas ka palju siinseid p\u00f5liselanikke, p\u00f5hiliselt Virumaa eri piirkondadesse. Minejaid oli peaaegu igast suguv\u00f5sast, m\u00f5nest rohkem, teistest v\u00e4hem. M\u00f5ned suguv\u00f5sad (Bilov, Kroon, Karafin jt) kadusid Tudulinnast peaaegu t\u00e4iesti, kuid said uutes asukohtades arvukaks. Oli neidki, kelle tee viis parema elu ja suurema \u00f5nne otsinguil kaugele Venemaa avarustesse.<\/p>\n<p>Suuremaid epideemiaid, s\u00f5du v\u00f5i muid sarnaseid katastroofe sel sajandil Virumaad otseselt ei puudutanud, seega sai elukeskkond normaalselt areneda. Endiselt oli laste suremus k\u00f5rge, aga see-eest pered suured. Tudulinna elanikkond kasvas j\u00e4rjepidevalt. Sellest saame hea \u00fclevaate <strong>1811., 1816., 1834., 1850.<\/strong> ja <strong>1858.<\/strong> aastal l\u00e4bi viidud \u00fclemaaliste <strong>hingeloendite <\/strong>protokolle sirvides. Lisaks neile on praktiliselt t\u00e4ielikult s\u00e4ilinud <strong>kirikuraamatud<\/strong> (s\u00fcnni-, surma- ja abiellumiste meetrika) l\u00e4bi terve 19. sajandi. Algul kirjutati tudulinlaste andmed Viru-Jakobi raamatutesse; alates 1867. aastast juba Iisaku meetrikasse. Mitmel puhul on Tudulinna kohta peetud lausa eraldi raamatuid. Sajandi keskpaigast hakkavad mainitud algallikaid t\u00e4iendama ka <strong>personaalraamatud<\/strong>. K\u00f5ik loetletud arhivaalid asuvad Eesti Rahvusarhiivis ja on t\u00e4naseks digiteeritud kujul k\u00e4ttesaadavad igale asjast huvitatud uurijale Saaga veebikeskkonna kaudu.<\/p>\n<p><em>Allpool n\u00e4ide vanast kirikuraamatust 19.sajandi algusest:<\/em><\/p>\n<p><img loading=\"lazy\" decoding=\"async\" class=\"alignnone size-large wp-image-5502\" src=\"https:\/\/tudulinnakultuurikants.ee\/wp-content\/uploads\/2023\/11\/DSC_0542-576x1024.jpg\" alt=\"\" width=\"576\" height=\"1024\" srcset=\"https:\/\/tudulinnakultuurikants.ee\/wp-content\/uploads\/2023\/11\/DSC_0542-576x1024.jpg 576w, https:\/\/tudulinnakultuurikants.ee\/wp-content\/uploads\/2023\/11\/DSC_0542-169x300.jpg 169w, https:\/\/tudulinnakultuurikants.ee\/wp-content\/uploads\/2023\/11\/DSC_0542-768x1365.jpg 768w, https:\/\/tudulinnakultuurikants.ee\/wp-content\/uploads\/2023\/11\/DSC_0542-864x1536.jpg 864w, https:\/\/tudulinnakultuurikants.ee\/wp-content\/uploads\/2023\/11\/DSC_0542-1152x2048.jpg 1152w, https:\/\/tudulinnakultuurikants.ee\/wp-content\/uploads\/2023\/11\/DSC_0542-710x1262.jpg 710w, https:\/\/tudulinnakultuurikants.ee\/wp-content\/uploads\/2023\/11\/DSC_0542-scaled.jpg 1440w\" sizes=\"auto, (max-width: 576px) 100vw, 576px\" \/><\/p>\n<p><strong><u>19. sajandi mitu palet.<\/u><\/strong><\/p>\n<p>Kindlasti oli tegu <strong>m\u00f5isasajandiga<\/strong>. Just sel perioodil \u00f5ppisid tudulinlased l\u00e4hemalt tundma h\u00e4rrasrahvast, kes kohe sajandi algul seadsid end Tudulinna elama. Nagu hilisemast on teada, kestiski m\u00f5isa ajastu siinmail t\u00e4pselt sajandi \u2013 kuni h\u00e4\u00e4rberi mahap\u00f5lemiseni j\u00e4rgmisel sajandivahetusel.<\/p>\n<p><strong>1802<\/strong> alustati<strong> m\u00f5isamaade m\u00f5\u00f5distamis- ja kaardistamist\u00f6\u00f6dega <\/strong>maam\u00f5\u00f5tja M.Storchi juhtimisel<strong>. <\/strong>M\u00f5isamaid sai kokku 10942 tiinu (ligi 12000 ha), millest nn peam\u00f5isamaad 3620 tiinu (ligi 4000 ha). \u00dclej\u00e4\u00e4nu oli talumeeste, m\u00f5isat\u00f6\u00f6liste, vabadike ja m\u00f5isa ametimeeste kasutuses.<\/p>\n<p><strong>1803 <\/strong>alustati<strong> m\u00f5isa ehitust\u00f6\u00f6dega. <\/strong>Tagaj\u00f5e kaldal asunud kompleksi kuulusid lisaks \u00fchekorruselisele puust h\u00e4\u00e4rberile ka arvukad k\u00f5rvalhooned. Need olid ehitatud osalt puidust, osalt kivist. Valitsejamaja, s\u00f5iduhobuste tall, t\u00f5llakuur, aidad, maakividest laut umbes sajapealisele l\u00fcpsikarjale. J\u00f5ekaldas olevat olnud v\u00f5lvlagedega keldrid. Viinavabrik ehitati lauda l\u00e4hedusse ning kohas, kus hargnesid Roostoja poole minev tee ja Tagaj\u00f5ele suunduv tee, asus sepapada. Selle l\u00e4heduses seisis ka suur rehepeksusara. Oli veel eraldi aedniku maja. Juba varem oli j\u00f5ele rajatud vesiveski. Tudulinna m\u00f5isast on teadaolevalt s\u00e4ilinud ainult paar joonistust, paraku ei ainsatki fotot.<\/p>\n<p><img loading=\"lazy\" decoding=\"async\" class=\"alignnone size-large wp-image-5495\" src=\"https:\/\/tudulinnakultuurikants.ee\/wp-content\/uploads\/2023\/11\/Tudulinna-mois-2-1024x576.jpg\" alt=\"\" width=\"1024\" height=\"576\" srcset=\"https:\/\/tudulinnakultuurikants.ee\/wp-content\/uploads\/2023\/11\/Tudulinna-mois-2-1024x576.jpg 1024w, https:\/\/tudulinnakultuurikants.ee\/wp-content\/uploads\/2023\/11\/Tudulinna-mois-2-300x169.jpg 300w, https:\/\/tudulinnakultuurikants.ee\/wp-content\/uploads\/2023\/11\/Tudulinna-mois-2-768x432.jpg 768w, https:\/\/tudulinnakultuurikants.ee\/wp-content\/uploads\/2023\/11\/Tudulinna-mois-2-1536x864.jpg 1536w, https:\/\/tudulinnakultuurikants.ee\/wp-content\/uploads\/2023\/11\/Tudulinna-mois-2-2048x1152.jpg 2048w, https:\/\/tudulinnakultuurikants.ee\/wp-content\/uploads\/2023\/11\/Tudulinna-mois-2-710x399.jpg 710w\" sizes=\"auto, (max-width: 1024px) 100vw, 1024px\" \/><\/p>\n<p><strong>\u00a0<\/strong>1834 suri parun <strong>Johann Diedrich von Tiesenhausen<\/strong>, m\u00f5is j\u00e4i tema t\u00fctardele Charlotte ja Wilhelmine von Tiesenhausenile. Kuna nemad ei osanud m\u00f5isa majandada, oli see pidevalt rendil \u00e4rksamate talumeeste k\u00e4es.<\/p>\n<p>L\u00e4bisaamine h\u00e4rrasrahva ja talurahva vahel on Tudulinnas alati olnud \u00fcsna hea. Mingeid suuremaid t\u00fclisid pole kunagi ette tulnud. M\u00f5isapreilid k\u00e4isid isegi valitud taluperedes katsikul. K\u00fcllap tasub siit otsida p\u00f5hjuseid, miks Tudulinnas hakkas juba sajandi esimeses pooles levima komme panna tavalistele talulastele <strong>saksap\u00e4raseid nimesid<\/strong>. Nii tundub t\u00e4nap\u00e4evalgi kalmistul jalutades ja lugedes vanadelt ristidelt ja hauakividelt lahkunute nimesid, nagu oleks tegu m\u00f5ne baltisakslaste surnuaiaga! Tegelikult pole ainsatki parunit ega nende pereliiget siia kunagi maetud.<\/p>\n<p>Sajandi l\u00f5pus sai teoks paljude talumeeste l\u00e4bi p\u00f5lvkondade edasi kantud suur unistus \u2013 saada <strong>oma maa p\u00e4ris omanikeks<\/strong>. M\u00f5isa maid hakati uuesti v\u00e4lja m\u00f5\u00f5tma ja m\u00fc\u00fcma; sellega koos sai Tudulinna k\u00fcla oma hilisema planeeringu ja v\u00e4ljan\u00e4gemise.<\/p>\n<p>&nbsp;<\/p>\n<p>Teiseks oluliseks etapiks Tudulinna kogukonna arengus sai <strong>valla moodustamine<\/strong>.<\/p>\n<p>Juba 18. sajandi l\u00f5pus hakkas vald t\u00e4hendama talurahvakogukonda. Esimesed valla omavalitsuse alged olid magasivilja kogumine (magasiait), vaestehoolekanne ja\u00a0vallakohtud. P\u00e4rast\u00a0p\u00e4risorjuse\u00a0kaotamist hakati valdu moodustama peamiselt\u00a0m\u00f5isate\u00a0kaupa, kohati asutati v\u00e4ikestest m\u00f5isatest ka \u00fchendatud vallakogukondi. Vald oli sealtpeale m\u00f5isast s\u00f5ltuv seisuslik (\u2154 volikogu liikmeid valiti peremeeste, \u2153\u00a0sulaste\u00a0seast) haldus\u00fcksus, mille eesotsas oli\u00a0talitaja. Baltimaade vallaseadusega (1866) v\u00f5eti vald m\u00f5isniku eestkoste alt ja muudeti riiklikuks haldus\u00fcksuseks: vallaametnikud said palgalisteks, seisusi t\u00e4psustati (p\u00e4risomanikud, rentnikud, talusulased,\u00a0m\u00f5isamoonakad\u00a0ja kindla elukohata isikud). Valla halduskeskuse tarbeks ehitati\u00a0vallamaja. (<em>loe t\u00e4psemalt: <\/em><a href=\"http:\/\/entsyklopeedia.ee\/artikkel\/vald4\"><em>http:\/\/entsyklopeedia.ee\/artikkel\/vald4<\/em><\/a>).<\/p>\n<p>Nii sai 19. sajandi keskpaiku alguse ka Tudulinna vald kui institutsioon. Esialgu oli m\u00f5isal talurahva igap\u00e4evaelus endiselt juhtiv roll; valla \u00fclesandeks sai p\u00f5hiliselt kohtupidamine ulakust teinud talupoegade \u00fcle. Need Tudulinna vallakohtu protokollid annavad p\u00e4ris hea \u2013 kohati lustaka, m\u00f5nikord lausa tragikoomilise \u2013 pildi selle aja k\u00fclaelust.<\/p>\n<p>&nbsp;<\/p>\n<p>Kolmas tugisammas 19. sajandi Tudulinna elu edenemisel oli <strong>kool<\/strong>. Lapsed hakkasid haridust saama nii Tudulinnas, Lemmakus kui Oonurmes. Erinevad allikad m\u00e4rgivad Tudulinnas kooli\u00f5petuse algajaks eri aastaid (1814, 1842, 1845); \u00fcldtunnustatud on neist viimane, mille kohta leidub ka algseid kirjalikke t\u00f5endeid. Kirjatarkuse j\u00f5udmine talurahva keskele l\u00f5i eeldused ka mitmek\u00fclgse kultuurielu \u00f5itsele puhkemiseks sajandi teises pooles.<\/p>\n<p>&nbsp;<\/p>\n<p><strong><u>Olulisemad s\u00fcndmused Tudulinna elus 19. sajandil kokkuv\u00f5tvalt:<\/u><\/strong><\/p>\n<ul>\n<li><strong>1818<\/strong> (m\u00f5nedes allikates m\u00e4rgitud ekslikult 1808) \u2013 Ehitatakse vennasteliikumise <strong>palvemaja<\/strong>, mis on t\u00e4nini alles, ehkki m\u00f5nev\u00f5rra \u00fcmberehitatud ja oma algse funktsiooni kaotanud. See v\u00f5ib t\u00f5en\u00e4oliselt olla vanim s\u00e4ilinud hoone Tudulinnas. On m\u00e4rkimisv\u00e4\u00e4rne, et Tudulinnast sai \u00fcks hernhuutlaste (18. sajandil Saksamaalt alguse saanud nn vennasteliikumise) tosinast keskustest Eesti- ja Liivimaal. <em>Pildil palvemaja enne 20. sajandi \u00fcmberehitust<\/em><\/li>\n<\/ul>\n<p><img loading=\"lazy\" decoding=\"async\" class=\"alignnone size-large wp-image-5497\" src=\"https:\/\/tudulinnakultuurikants.ee\/wp-content\/uploads\/2023\/11\/Tudulinna-palvemaja-1024x640.jpg\" alt=\"\" width=\"1024\" height=\"640\" srcset=\"https:\/\/tudulinnakultuurikants.ee\/wp-content\/uploads\/2023\/11\/Tudulinna-palvemaja-1024x640.jpg 1024w, https:\/\/tudulinnakultuurikants.ee\/wp-content\/uploads\/2023\/11\/Tudulinna-palvemaja-300x187.jpg 300w, https:\/\/tudulinnakultuurikants.ee\/wp-content\/uploads\/2023\/11\/Tudulinna-palvemaja-768x480.jpg 768w, https:\/\/tudulinnakultuurikants.ee\/wp-content\/uploads\/2023\/11\/Tudulinna-palvemaja-1536x960.jpg 1536w, https:\/\/tudulinnakultuurikants.ee\/wp-content\/uploads\/2023\/11\/Tudulinna-palvemaja-710x444.jpg 710w, https:\/\/tudulinnakultuurikants.ee\/wp-content\/uploads\/2023\/11\/Tudulinna-palvemaja.jpg 1548w\" sizes=\"auto, (max-width: 1024px) 100vw, 1024px\" \/><\/p>\n<ul>\n<li><strong>1835<\/strong> \u2013 Tudulinna talupojad saavad omale <strong>perekonnanimed<\/strong>. Kokku ligi 50 v\u00e4ga erinevat nime; nende hulgas on t\u00e4is-saksap\u00e4raseid (Altroff, Pikhof, Tomberg), t\u00e4iesti traditsioonilisi eesti nimesid (Tamm, Roosiv\u00e4li, K\u00fctt) kui ka mitmesuguseid omap\u00e4raseid moodustisi, mille taust j\u00e4\u00e4b esialgu arusaamatuks (Assentak, Roseneg, Rennel). Seni olid olnud vaid Juhanid ja Jaanid, Marid ja Tiiud, keda kutsuti kas isanime j\u00e4rgi v\u00f5i siis elukoha alusel. N\u00fc\u00fcd hakkasid Tagaj\u00f5e kaldal ringi k\u00e4ima Treimannid ja Treilmannid, Roosiv\u00e4lid ja Suurv\u00e4lid, Tammed ja Palmid, Pikhofid, Mathiesenid, Uhlmannid ja k\u00f5ik teised. Kokku umbes 50 perenime anti tudulinlastele tol aastal. M\u00f5nigi neist on t\u00e4naseks vajunud ammu unustuseh\u00f5lma, m\u00f5ned on hilisemate eestindamiste k\u00e4igus tundmatuseni muutunud.<\/li>\n<li><strong>1845<\/strong> \u2013 Esimesed kirjalikud teated <strong>Tudulinna kooli<\/strong> Koolitoaks kohandatud vanas Altru talutares (asus hilisema meierei ehk p\u00e4rastise sovhoosi kontori kohal) hakkab lapsi \u00f5petama <strong>Abel Mathiesen<\/strong>. M\u00f5nedes allikmaterjalides on k\u00fcll mainitud ka aastaarve 1842 ja koguni 1814 kooli\u00f5petuse algusena Tudulinnas, kuid need ei ole l\u00f5plikku kinnitust leidnud.<\/li>\n<li><strong>1846<\/strong> \u2013 Esimesed \u201enuumakontrahtid\u201c ehk <strong>talumeeste ja m\u00f5isa vahelised lepingud<\/strong>. <em>Pildil viimane lehek\u00fclg Saare talu sama aasta rendilepingust:<\/em><\/li>\n<\/ul>\n<p><img loading=\"lazy\" decoding=\"async\" class=\"alignnone size-large wp-image-5501\" src=\"https:\/\/tudulinnakultuurikants.ee\/wp-content\/uploads\/2023\/11\/Saare-1846-4-576x1024.jpg\" alt=\"\" width=\"576\" height=\"1024\" srcset=\"https:\/\/tudulinnakultuurikants.ee\/wp-content\/uploads\/2023\/11\/Saare-1846-4-576x1024.jpg 576w, https:\/\/tudulinnakultuurikants.ee\/wp-content\/uploads\/2023\/11\/Saare-1846-4-169x300.jpg 169w, https:\/\/tudulinnakultuurikants.ee\/wp-content\/uploads\/2023\/11\/Saare-1846-4-768x1365.jpg 768w, https:\/\/tudulinnakultuurikants.ee\/wp-content\/uploads\/2023\/11\/Saare-1846-4-864x1536.jpg 864w, https:\/\/tudulinnakultuurikants.ee\/wp-content\/uploads\/2023\/11\/Saare-1846-4-1152x2048.jpg 1152w, https:\/\/tudulinnakultuurikants.ee\/wp-content\/uploads\/2023\/11\/Saare-1846-4-710x1262.jpg 710w, https:\/\/tudulinnakultuurikants.ee\/wp-content\/uploads\/2023\/11\/Saare-1846-4-scaled.jpg 1440w\" sizes=\"auto, (max-width: 576px) 100vw, 576px\" \/><\/p>\n<ul>\n<li><strong>1858<\/strong> &#8211; Tudulinlaste viimse rahupaigana v\u00f5etakse kasutusele praeguse <strong>kalmistu<\/strong> Varem oli lahkunuid maetud Rannapungerja Kabelim\u00e4ele.<\/li>\n<li><strong>1860-1864<\/strong> \u2013 V\u00f5etakse ette p\u00f5hjalikud <strong>\u00fcmberehitust\u00f6\u00f6d kirikus<\/strong>. Pea sajand tagasi ehitatud esimene p\u00fchakoda oli j\u00e4\u00e4nud v\u00e4ikeseks ja vanaks. Kas ja kui palju praeguseni s\u00e4ilinud puukirikus v\u00f5ib olla alles 1766. aasta ehitise osi, vajab t\u00e4iendavat uurimist. Mitmed 19. sajandi teise poole kirjalikud allikad m\u00e4rgivad, et vana kirik oli lagunenud v\u00f5i lammutatud ja ehitati asemele uus. \u201e1766. aastal ehitati v\u00e4ike puukirik ja p\u00e4rast selle lagunemist ehitati m\u00f5ni aasta tagasi v\u00e4ike puukirik.\u201c <em>(<\/em><em>viide: E. H. von Busch: \u201eMaterialien zur Geschichte und Statistik des Kirchen- und Schulwesens der Ew-Luth Gemeindem in Russland\u201c., 1862. Lk 621<\/em><em>).<\/em> Lisandub ka <strong>torn<\/strong>, mis algsel p\u00fchakojal sootuks puudus.<\/li>\n<li><strong>1864<\/strong> \u2013 rajatakse <strong>Sahargu<\/strong> k\u00fcla (endine N\u00f5mmk\u00fcla v\u00f5i Krimmilinn) oma praeguses asukohas. Varasemalt paiknesid samade perede elamud Tudulinna k\u00fcla ja surnuaia vahelisel alal, kus praegu on vees\u00f5lm. Kuna seal j\u00e4i kitsaks, otsustas m\u00f5isnik pered \u00fcmber asustada paar kilomeetrit eemale vabale alale. Majad ehitati k\u00f5ik \u00fchte ritta; nii kujunes omap\u00e4rane t\u00e4navk\u00fcla, mis erines k\u00f5ikidest valla \u00fclej\u00e4\u00e4nud k\u00fcladest.<\/li>\n<li><strong>1865<\/strong> \u2013 Asutatakse esimene <strong>laulukoor<\/strong>, mida juhatab <strong>Juhan Treilmann<\/strong> \u2013 <em>Toomara Papa<\/em>. (<em>loe l\u00e4hemalt raamatust \u201eTalutarest laulukaare alla. Tudulinna muusikalugu l\u00e4bi mitme sajandi.\u201c Tudulinna 2023<\/em>)<\/li>\n<li><strong>1866<\/strong> \u2013 Tudulinna <strong>valla moodustamine<\/strong><\/li>\n<li><strong>1867<\/strong> \u2013 Algab Tudulinna <strong>m\u00f5isamaade m\u00f5\u00f5distamine<\/strong> ja hindamine, mis kestab kuni 1881. aastani ja on aluseks hilisemale talude p\u00e4riseksostmisele.<\/li>\n<li><strong>1867 <\/strong>&#8211; Tudulinna siirdub Viru-Jakobi kihelkonnast <strong>Iisaku kihelkonda <\/strong>ja siinsest kogudusest saab Iisaku abikogudus.<\/li>\n<li><strong>1874<\/strong> \u2013 Valmib esimene p\u00e4ris <strong>koolimaja <\/strong>(puust hoone praeguse koolimaja kohal). Hoonest ei ole kahjuks leitud \u00fchtegi fotot.<\/li>\n<li><strong>1876-1877<\/strong> \u2013 Esimese <strong>pasunakoori asutamine<\/strong>; \u00f5petust ja juhatust saadakse Tudulinna k\u00fclastanud legendaarse V\u00e4\u00e4gvere orkestri juhataja David Otto Wirkhausi k\u00e4est.<\/li>\n<li><strong>1880 <\/strong>\u2013 Tudulinna segakoor (15 lauljat) ja pasunakoor (10 m\u00e4ngijat) osalevad <strong>esimest korda \u00fcldlaulupeol<\/strong> Tegu oli j\u00e4rjekorras kolmanda suure \u00fclemaalise peoga. M\u00f5lemat koori juhatas Juhan Treilmann. (<em>loe l\u00e4hemalt raamatust \u201eTalutarest laulukaare alla. Tudulinna muusikalugu l\u00e4bi mitme sajandi.\u201c Tudulinna 2023<\/em>)<\/li>\n<li><strong>1885 <\/strong>\u2013 Algab <strong>talude p\u00e4riseksostmine<\/strong>, mis j\u00f5uab l\u00f5pule 1913. Selle k\u00e4igus saab \u00fcle 130 Tudulinna talupere maaomanikeks. \u00dchtlasi toob see endaga kaasa totaalse muudatuse k\u00fclapildis. Kui varasemalt oli pea kogu asustus koondunud tihedalt tee ja j\u00f5e vahelisele kitsale alale, siis p\u00e4rast talude p\u00e4riseksostmist ehitatakse endile uued majad oma maat\u00fckile, mis asuvad eemal. Tudulinna saab oma hilisema ilme.<\/li>\n<li><strong>1892<\/strong> \u2013 Asutatakse <strong>Laulu ja M\u00e4ngu Selts<\/strong>, millest saab Tudulinna kultuurielu p\u00f5hiline eestvedaja kuni seltside sulgemiseni 1940. aastal. (<em>loe l\u00e4hemalt raamatust \u201eTalutarest laulukaare alla. Tudulinna muusikalugu l\u00e4bi mitme sajandi.\u201c Tudulinna 2023<\/em>)<\/li>\n<li><strong>1892<\/strong> &#8211; Valmib <strong>M\u00f6ldri talu tuulik<\/strong>, ainus t\u00e4nini s\u00e4ilinud puitkerega veski Virumaal. \u00a0Ehitusmeistrid olid Andres Reinik, Diedrich M\u00f6lder, Jaan M\u00f6lder ja Kaarel Koppel. Veski on neljakorruseline ja seinad on kaetud laastuga.<\/li>\n<\/ul>\n<p><img loading=\"lazy\" decoding=\"async\" class=\"alignnone size-large wp-image-5500\" src=\"https:\/\/tudulinnakultuurikants.ee\/wp-content\/uploads\/2023\/11\/Tudulinna-tuuleveski-20-682x1024.jpg\" alt=\"\" width=\"682\" height=\"1024\" srcset=\"https:\/\/tudulinnakultuurikants.ee\/wp-content\/uploads\/2023\/11\/Tudulinna-tuuleveski-20-682x1024.jpg 682w, https:\/\/tudulinnakultuurikants.ee\/wp-content\/uploads\/2023\/11\/Tudulinna-tuuleveski-20-200x300.jpg 200w, https:\/\/tudulinnakultuurikants.ee\/wp-content\/uploads\/2023\/11\/Tudulinna-tuuleveski-20-768x1152.jpg 768w, https:\/\/tudulinnakultuurikants.ee\/wp-content\/uploads\/2023\/11\/Tudulinna-tuuleveski-20-1024x1536.jpg 1024w, https:\/\/tudulinnakultuurikants.ee\/wp-content\/uploads\/2023\/11\/Tudulinna-tuuleveski-20-710x1065.jpg 710w, https:\/\/tudulinnakultuurikants.ee\/wp-content\/uploads\/2023\/11\/Tudulinna-tuuleveski-20.jpg 1181w\" sizes=\"auto, (max-width: 682px) 100vw, 682px\" \/><\/p>\n<ul>\n<li>Aastatest <strong>1893\u20261895<\/strong> on p\u00e4rit esimesed s\u00e4ilinud <strong>portreefotod<\/strong> tudulinlastest \u00a0Neist paljude autoriks on Paides tegutsenud \u00fcks esimesi eesti soost piltnikke Jakob Livenstr\u00f6m. <em>Pildil Tudulinna k\u00f6stri ja koolmeistri Cristoph Mathieseni (1849-1895) pere.<\/em><\/li>\n<\/ul>\n<p><img loading=\"lazy\" decoding=\"async\" class=\"alignnone size-large wp-image-5494\" src=\"https:\/\/tudulinnakultuurikants.ee\/wp-content\/uploads\/2023\/11\/kostri-pere-008-819x1024.jpg\" alt=\"\" width=\"819\" height=\"1024\" srcset=\"https:\/\/tudulinnakultuurikants.ee\/wp-content\/uploads\/2023\/11\/kostri-pere-008-819x1024.jpg 819w, https:\/\/tudulinnakultuurikants.ee\/wp-content\/uploads\/2023\/11\/kostri-pere-008-240x300.jpg 240w, https:\/\/tudulinnakultuurikants.ee\/wp-content\/uploads\/2023\/11\/kostri-pere-008-768x960.jpg 768w, https:\/\/tudulinnakultuurikants.ee\/wp-content\/uploads\/2023\/11\/kostri-pere-008-710x888.jpg 710w, https:\/\/tudulinnakultuurikants.ee\/wp-content\/uploads\/2023\/11\/kostri-pere-008.jpg 1200w\" sizes=\"auto, (max-width: 819px) 100vw, 819px\" \/><\/p>\n<ul>\n<li><strong>1894 \u2013 <\/strong>Esimese <strong>vallamaja<\/strong> ehitamine Tudulinna, ehitusmeister Arhip Bogdanov. Vallamaja oli algselt ristk\u00fclikukujulise p\u00f5hiplaaniga viilkatusega \u00fchekordne kivihoone. Vallamaja ehitamine l\u00e4ks maksma 2752 rbl 44 kop, sellest kivit\u00f6\u00f6de eest meistrile 675 rbl ja puut\u00f6\u00f6de eest tasuks 352 rbl (vallamaja uksed, aknad, p\u00f5randad ja kaks koda valmistasid Tudulinna valla mehed Kaarel Palm ja Jakob Vaas). (<em>loe t\u00e4psemalt: <\/em><a href=\"https:\/\/register.muinas.ee\/public.php?menuID=evm-parishhouse&amp;action=view&amp;id=208\"><em>https:\/\/register.muinas.ee\/public.php?menuID=evm-parishhouse&amp;action=view&amp;id=208<\/em><\/a>)\u00a0 <em>Pildil vana vallamaja oma esialgsel kujul<\/em><\/li>\n<\/ul>\n<p><img loading=\"lazy\" decoding=\"async\" class=\"alignnone size-large wp-image-5499\" src=\"https:\/\/tudulinnakultuurikants.ee\/wp-content\/uploads\/2023\/11\/Tudulinna-vana-vallamaja-1024x739.jpg\" alt=\"\" width=\"1024\" height=\"739\" srcset=\"https:\/\/tudulinnakultuurikants.ee\/wp-content\/uploads\/2023\/11\/Tudulinna-vana-vallamaja-1024x739.jpg 1024w, https:\/\/tudulinnakultuurikants.ee\/wp-content\/uploads\/2023\/11\/Tudulinna-vana-vallamaja-300x217.jpg 300w, https:\/\/tudulinnakultuurikants.ee\/wp-content\/uploads\/2023\/11\/Tudulinna-vana-vallamaja-768x554.jpg 768w, https:\/\/tudulinnakultuurikants.ee\/wp-content\/uploads\/2023\/11\/Tudulinna-vana-vallamaja-710x512.jpg 710w, https:\/\/tudulinnakultuurikants.ee\/wp-content\/uploads\/2023\/11\/Tudulinna-vana-vallamaja.jpg 1283w\" sizes=\"auto, (max-width: 1024px) 100vw, 1024px\" \/><\/p>\n<ul>\n<li><strong>1896<\/strong> \u2013 Toimub I <strong>Tudulinna Laulup\u00e4ev <\/strong>\u00fcmberkaudsetest valdadest k\u00fclla saabunud laulukooride osav\u00f5tul. Koore juhatab Tiitus Pikhof.<\/li>\n<li><strong>1898<\/strong> \u2013 Laulu ja M\u00e4ngu Seltsi eestvedamisel ehitatakse k\u00fcla keskele <strong>Seltsimaja<\/strong> (laiendus saaliosana lisandus 1913). Ligi kuueks k\u00fcmnendiks saab sellest tudulinlaste kultuuritempel, kus peetakse pidusid, lavastatakse n\u00e4item\u00e4nge, m\u00e4ngitakse pilli ja lauldakse kooris. <em>Pildil seltsimaja vaade suunaga kooli poole. N\u00e4ha on nii vanem kui uuem osa.<\/em><\/li>\n<\/ul>\n<p><img loading=\"lazy\" decoding=\"async\" class=\"alignnone size-large wp-image-5496\" src=\"https:\/\/tudulinnakultuurikants.ee\/wp-content\/uploads\/2023\/11\/Vana-seltsimaja-vaadatuna-Vosumoisa-poolt-1024x545.jpg\" alt=\"\" width=\"1024\" height=\"545\" srcset=\"https:\/\/tudulinnakultuurikants.ee\/wp-content\/uploads\/2023\/11\/Vana-seltsimaja-vaadatuna-Vosumoisa-poolt-1024x545.jpg 1024w, https:\/\/tudulinnakultuurikants.ee\/wp-content\/uploads\/2023\/11\/Vana-seltsimaja-vaadatuna-Vosumoisa-poolt-300x160.jpg 300w, https:\/\/tudulinnakultuurikants.ee\/wp-content\/uploads\/2023\/11\/Vana-seltsimaja-vaadatuna-Vosumoisa-poolt-768x409.jpg 768w, https:\/\/tudulinnakultuurikants.ee\/wp-content\/uploads\/2023\/11\/Vana-seltsimaja-vaadatuna-Vosumoisa-poolt-710x378.jpg 710w, https:\/\/tudulinnakultuurikants.ee\/wp-content\/uploads\/2023\/11\/Vana-seltsimaja-vaadatuna-Vosumoisa-poolt.jpg 1496w\" sizes=\"auto, (max-width: 1024px) 100vw, 1024px\" \/><\/p>\n<p>19. sajandi Tudulinna eluolu \u00fclevaate l\u00f5petuseks \u00fcks meeleolukas kirjat\u00fckk tolleaegsest ajakirjandusest, sest ka <strong>j\u00f5udmine leheveergudele<\/strong> kuulub vaieldamatult selle sajandi t\u00e4htsamate verstapostide hulka:<\/p>\n<p>\u201e<em>Tudulinn ise enesest on \u00fcks w\u00e4ike k\u00f5rwaline koht, Peipsi j\u00e4rwe p\u00f5hja poolsest otsast 10 wersta k\u00f5rwal, wasta Riia rada. Ja kes seda arwab, et s\u00e4\u00e4l metsa sees mingit haridust ega edasip\u00fc\u00fcdmist pole, see eksib w\u00e4ga. Neil on oma kirik, palwemaja ja ka ilus suur koolimaja ja nii kui \u00f6eldud m\u00e4ngu- ja laulukoorid. Koht on w\u00e4ga ilus; ise\u00e4ranis selle poolt, et s\u00e4\u00e4l neli j\u00f5ge l\u00e4bi jooksewad ja nende majad, maad kui ka heinamaad enamasti k\u00f5ik j\u00f5gede \u00e4\u00e4res on. Elumajad on neil ka suured ja ilusad kui w\u00e4iksed m\u00f5isad (wististi selle p\u00e4rast, et metsa ligidalt h\u00e4sti saada on ja rahwas ise ka peaaegu k\u00f5ik ametmehed on, nii kui: plotnikud, treialid, puusepad ja ka waga palju, kes oma jaoks raudsepa t\u00f6\u00f6d teemad). Rahwa riiete mood on lihtlabane aga ilus, ilma ise\u00e4ralikkude wiguriteta. Nad kannawad k\u00f5ik kodu kootud kangast riiet (enamast hallid) ja armastawad puhtust. Rahwas on terase loomu annetega ja wihkawad wargaid ja kelmisid, sest see siis ka tuleb, et nad toa-ukse lukutamisest ja maja riistade \u00abvarjamisest palju ei tea. W\u00f5\u00f5raste wastu on nad w\u00e4ga lahked ja naljakad, nii et kahju \u00e4ra tulla<\/em>.\u201c (<em>viide: Eesti Postimees ehk N\u00e4ddalaleht : ma- ja linnarahvale, nr. 27, 4 juuli 1884<\/em>)<\/p>\n<p>&nbsp;<\/p>\n","protected":false},"excerpt":{"rendered":"<p>19 . sajandit v\u00f5ib Tudulinna ajaloos nimetada kiire ja mitmek\u00fclgse arengu perioodiks. Alustame \u00fcldisema vaatega, mis oludes meie esiisad pidid elama ajal, mil kalendrites keerati ette aasta 1800. Talupojad olid j\u00e4tkuvalt sunnismaised p\u00e4risorjad. \u00d5nneks olid ajad tasapisi muutumas. P\u00e4risorjus kaotati Eestimaa kubermangus 1816. aastal talurahvaseadusega, kuid kehtima j\u00e4id paljud p\u00e4risorjusega&nbsp;[ &hellip; ]<\/p>\n","protected":false},"author":2,"featured_media":0,"parent":0,"menu_order":0,"comment_status":"closed","ping_status":"closed","template":"","meta":{"_bbp_topic_count":0,"_bbp_reply_count":0,"_bbp_total_topic_count":0,"_bbp_total_reply_count":0,"_bbp_voice_count":0,"_bbp_anonymous_reply_count":0,"_bbp_topic_count_hidden":0,"_bbp_reply_count_hidden":0,"_bbp_forum_subforum_count":0,"footnotes":"","_links_to":"","_links_to_target":""},"class_list":["post-5503","page","type-page","status-publish","hentry","list-style-post"],"_links":{"self":[{"href":"https:\/\/tudulinnakultuurikants.ee\/index.php?rest_route=\/wp\/v2\/pages\/5503","targetHints":{"allow":["GET"]}}],"collection":[{"href":"https:\/\/tudulinnakultuurikants.ee\/index.php?rest_route=\/wp\/v2\/pages"}],"about":[{"href":"https:\/\/tudulinnakultuurikants.ee\/index.php?rest_route=\/wp\/v2\/types\/page"}],"author":[{"embeddable":true,"href":"https:\/\/tudulinnakultuurikants.ee\/index.php?rest_route=\/wp\/v2\/users\/2"}],"replies":[{"embeddable":true,"href":"https:\/\/tudulinnakultuurikants.ee\/index.php?rest_route=%2Fwp%2Fv2%2Fcomments&post=5503"}],"version-history":[{"count":1,"href":"https:\/\/tudulinnakultuurikants.ee\/index.php?rest_route=\/wp\/v2\/pages\/5503\/revisions"}],"predecessor-version":[{"id":5504,"href":"https:\/\/tudulinnakultuurikants.ee\/index.php?rest_route=\/wp\/v2\/pages\/5503\/revisions\/5504"}],"wp:attachment":[{"href":"https:\/\/tudulinnakultuurikants.ee\/index.php?rest_route=%2Fwp%2Fv2%2Fmedia&parent=5503"}],"curies":[{"name":"wp","href":"https:\/\/api.w.org\/{rel}","templated":true}]}}