{"id":5598,"date":"2024-08-18T20:00:50","date_gmt":"2024-08-18T18:00:50","guid":{"rendered":"https:\/\/tudulinnakultuurikants.ee\/?page_id=5598"},"modified":"2025-04-25T14:30:54","modified_gmt":"2025-04-25T12:30:54","slug":"tudulinna-tuled-vii","status":"publish","type":"page","link":"https:\/\/tudulinnakultuurikants.ee\/?page_id=5598","title":{"rendered":"Tudulinna Tuled VII"},"content":{"rendered":"<header class=\"entry-header\">\n<h4 class=\"entry-title\"><span style=\"font-size: 16px;\">Juba seitsmendat korda! 11. augustil 2024 sai teoks kauaoodatud suvefestival Tudulinna Tuled, mis pakkus kohale saabunud arvukale publikule kauneid elamusi nii s\u00f5nas kui muusikas! Esmakordselt festivalide ajaloos oli tegu temaatilise s\u00fcndmusega &#8211; \u00fcldpealkirjaks oli &#8220;Maailmar\u00e4nnud&#8221;.<\/span><\/h4>\n<\/header>\n<div class=\"entry-content\">\n<p>Festival algas Lastemaailma avamisega, kus selleks ettevalmistatud telgis asuti suure hoolega meisterdama keerulisi lego-kujundeid. Seal j\u00e4tkus tegevust terveks \u00f5htuks.<\/p>\n<p>Laval algas programm kohaliku rahva seas populaarse osaga: kohalike muusikute suguv\u00f5sade tutvustusega. Laval oli <strong>perekond Saarev\u00e4lid <\/strong>eesotsas tunnustatud kontrabassim\u00e4ngija ja pedagoogi <strong>Meeme Saarev\u00e4liga<\/strong>. Ligi pooleteise tunni jooksul viisid nad Lauri V\u00e4inmaa juhtimisel meid toredale muusikalisele r\u00e4nnakule l\u00e4bi mitme p\u00f5lvkonna pajatades lugusid oma muusikutee kujunemistest ning m\u00e4ngides kauneid palasid mitmel instrumendil. Tudulinna muusikatraditsioonid on l\u00e4bi p\u00f5lvkondade kasvanud tugevateks p\u00f5lispuudeks paljude harudega. Nende tutvustamist soovime kindlasti j\u00e4tkata j\u00e4rgmistel festivalidel.<\/p>\n<p>J\u00e4rgmises osas tutvustas <strong>Andres Meresmaa<\/strong> Tudulinnast p\u00e4rit maailmar\u00e4ndurit, kauges\u00f5idukapten <strong>Oskar Treilmann-Toomarat<\/strong>, kes tavalisest talupoisist end ise \u00fcles t\u00f6\u00f6tades sai maailmamerede vallutajaks ja Eesti Wabariigi \u00fcheks juhtivaks laevanduse ja merenduse tippasjatundjaks. Omal ajal oli tegu k\u00fcllap k\u00f5ige kuulsama tudulinlasega.<\/p>\n<p>Seej\u00e4rel tuli lavale t\u00f5eline kaasaja maailmar\u00e4ndur, polaarperekonna liige <strong>Maris Pruuli<\/strong>, kes r\u00e4\u00e4kis kaasahaaravalt paljude toredate juhtumuste n\u00e4itel nii oma seni viimasest polaarreisist l\u00e4bi Loodev\u00e4ila <strong>&#8220;Admiral Bellingshausen&#8221;<\/strong> pardal eelmisel suvel kui ka varasematest reisidest. Publikul oli hulgaliselt k\u00fcsimusi ja p\u00e4rast festivalide ajaloo \u00fchte k\u00f5ige lennukamat esitlust oli soovijatel v\u00f5imalus endale soetada ka Maris Pruuli kirjutatud Arktika reiside raamatuid koos autori p\u00fchendusega.<\/p>\n<p>Ja seej\u00e4rel seilas lavale Eesti \u00fcks oman\u00e4olisemaid muusikuid <strong>Jaan T\u00e4tte<\/strong>. Samuti tuntud kui maailmar\u00e4ndur haaras ta oma &#8220;<strong>Veelaulude<\/strong>&#8220;-nimelise kontserdiga festivalipubliku suve\u00f5htusele r\u00e4nnakule, mis algas kerges vihmasajus, kuid l\u00f5ppes v\u00f5rratu p\u00e4ikeseloojanguga. Muusikal on eriline j\u00f5ud!<\/p>\n<p>Festivali alal oli muudki tegevust asjahuvlistele:<\/p>\n<p>Populaarses <strong>raamatuletis<\/strong> leidsid ostjaid mitmed Tudulinna-teemalised tr\u00fckised : veel oli saadaval viimaseid eksemplare mahukast kogumikust <strong>&#8220;Tudulinna vanad suguv\u00f5sad&#8221;<\/strong>; samuti olid populaarsed mullu ilmunud Ago-Livius Kerge koguteos <strong>\u201cAlutaguse uinuv kaunitar\u201d<\/strong> ning Aili Reimani, Regina Urbi ja Andres Meresmaa poolt koostatud Tudulinna muusikaloo kogumik \u201c<strong>Talutarest laulukaare alla\u201d<\/strong>. Lisaks teisi eelmistel aastatel ilmunud arvukaid Tudulinna-teemalisi raamatuid. NB! Kes festivalil jaole ei j\u00f5udnud, pole hullu \u2013 neid raamatuid saab ka edaspidi MT\u00dc Tudulinna Kultuurikantsi kaudu endale tellida!<\/p>\n<p>Esimest korda Tudulinna Tulede ajaloos oli kohalikel k\u00e4sit\u00f6\u00f6meistritel suurep\u00e4rane v\u00f5imalus festivalialal oma n\u00e4put\u00f6id esitleda ja m\u00fc\u00fca. Selleks oli eraldi telk. <strong>Tudulinna K\u00e4sit\u00f6\u00f6tsunfti n\u00e4itus-m\u00fc\u00fck<\/strong> osutus v\u00e4\u00f6ga populaarseks!<\/p>\n<p>Suure huviga vaadatakse igal festivalil <strong>nostalgilisi pildiseeriaid<\/strong> vanast Tudulinnast ja Peressaarest, mis iga korraga t\u00e4ienevad.<\/p>\n<p>Festivalirahvale pakkus h\u00f5rgutisi kohalikelt pagaritelt <strong>Tornikuke kohvik<\/strong>.<\/p>\n<p><strong>Suured t\u00e4nud k\u00f5ikidele esinejatele, abilistele ja rohkearvulisele publikule! Ainult koos teiega on korraldajatel v\u00f5imalik midagi toredat ja meeldej\u00e4\u00e4vat \u00e4ra teha!\u00a0 Festivali edukat l\u00e4biviimist toetasid ka Alutaguse vald, Eesti Kultuurkapital ja \u00d5iglase \u00dclemineku Fond. Festivalil esmakordselt kasutuses olnud uute telkide soetamist toetas Kohaliku Omaalgatuse Programm KOP. Ait\u00e4h toetuste eest! <\/strong><\/p>\n<h4 class=\"entry-title\"><span style=\"font-size: 16px;\"><img loading=\"lazy\" decoding=\"async\" class=\"alignnone wp-image-5635\" src=\"https:\/\/tudulinnakultuurikants.ee\/wp-content\/uploads\/2024\/10\/Kaasrahastanud_EL_kaksiklogod_EST_hor_color_RGB.jpg\" alt=\"\" width=\"304\" height=\"176\" srcset=\"https:\/\/tudulinnakultuurikants.ee\/wp-content\/uploads\/2024\/10\/Kaasrahastanud_EL_kaksiklogod_EST_hor_color_RGB.jpg 1022w, https:\/\/tudulinnakultuurikants.ee\/wp-content\/uploads\/2024\/10\/Kaasrahastanud_EL_kaksiklogod_EST_hor_color_RGB-300x174.jpg 300w, https:\/\/tudulinnakultuurikants.ee\/wp-content\/uploads\/2024\/10\/Kaasrahastanud_EL_kaksiklogod_EST_hor_color_RGB-768x446.jpg 768w, https:\/\/tudulinnakultuurikants.ee\/wp-content\/uploads\/2024\/10\/Kaasrahastanud_EL_kaksiklogod_EST_hor_color_RGB-710x413.jpg 710w\" sizes=\"auto, (max-width: 304px) 100vw, 304px\" \/><\/span><\/h4>\n<p>Kohtumiseni Tudulinna Tuled VIII festivalil augustis 2025!<\/p>\n<p>Vaata festivali pilte siit:\u00a0 \u00a0 \u00a0 \u00a0 \u00a0 \u00a0 \u00a0 \u00a0 \u00a0 \u00a0 \u00a0 \u00a0 \u00a0 \u00a0 \u00a0 \u00a0 \u00a0 \u00a0 \u00a0 \u00a0 \u00a0 \u00a0 \u00a0 \u00a0 \u00a0 \u00a0 \u00a0 \u00a0 \u00a0 \u00a0 \u00a0 Merike Vaarmetsa ja Andres Meresmaa fotod.<\/p>\n<p><img loading=\"lazy\" decoding=\"async\" class=\"alignnone size-large wp-image-5599\" src=\"https:\/\/tudulinnakultuurikants.ee\/wp-content\/uploads\/2024\/08\/20240811_162512-1024x683.jpg\" alt=\"\" width=\"1024\" height=\"683\" srcset=\"https:\/\/tudulinnakultuurikants.ee\/wp-content\/uploads\/2024\/08\/20240811_162512-1024x683.jpg 1024w, https:\/\/tudulinnakultuurikants.ee\/wp-content\/uploads\/2024\/08\/20240811_162512-300x200.jpg 300w, https:\/\/tudulinnakultuurikants.ee\/wp-content\/uploads\/2024\/08\/20240811_162512-768x512.jpg 768w, https:\/\/tudulinnakultuurikants.ee\/wp-content\/uploads\/2024\/08\/20240811_162512-600x400.jpg 600w, https:\/\/tudulinnakultuurikants.ee\/wp-content\/uploads\/2024\/08\/20240811_162512-1536x1024.jpg 1536w, https:\/\/tudulinnakultuurikants.ee\/wp-content\/uploads\/2024\/08\/20240811_162512-2048x1365.jpg 2048w, https:\/\/tudulinnakultuurikants.ee\/wp-content\/uploads\/2024\/08\/20240811_162512-270x180.jpg 270w, https:\/\/tudulinnakultuurikants.ee\/wp-content\/uploads\/2024\/08\/20240811_162512-710x473.jpg 710w, https:\/\/tudulinnakultuurikants.ee\/wp-content\/uploads\/2024\/08\/20240811_162512-272x182.jpg 272w\" sizes=\"auto, (max-width: 1024px) 100vw, 1024px\" \/> <img loading=\"lazy\" decoding=\"async\" class=\"alignnone size-large wp-image-5600\" src=\"https:\/\/tudulinnakultuurikants.ee\/wp-content\/uploads\/2024\/08\/20240811_162715-1024x683.jpg\" alt=\"\" width=\"1024\" height=\"683\" srcset=\"https:\/\/tudulinnakultuurikants.ee\/wp-content\/uploads\/2024\/08\/20240811_162715-1024x683.jpg 1024w, https:\/\/tudulinnakultuurikants.ee\/wp-content\/uploads\/2024\/08\/20240811_162715-300x200.jpg 300w, https:\/\/tudulinnakultuurikants.ee\/wp-content\/uploads\/2024\/08\/20240811_162715-768x512.jpg 768w, https:\/\/tudulinnakultuurikants.ee\/wp-content\/uploads\/2024\/08\/20240811_162715-600x400.jpg 600w, https:\/\/tudulinnakultuurikants.ee\/wp-content\/uploads\/2024\/08\/20240811_162715-1536x1024.jpg 1536w, https:\/\/tudulinnakultuurikants.ee\/wp-content\/uploads\/2024\/08\/20240811_162715-2048x1365.jpg 2048w, https:\/\/tudulinnakultuurikants.ee\/wp-content\/uploads\/2024\/08\/20240811_162715-270x180.jpg 270w, https:\/\/tudulinnakultuurikants.ee\/wp-content\/uploads\/2024\/08\/20240811_162715-710x473.jpg 710w, https:\/\/tudulinnakultuurikants.ee\/wp-content\/uploads\/2024\/08\/20240811_162715-272x182.jpg 272w\" sizes=\"auto, (max-width: 1024px) 100vw, 1024px\" \/> <img loading=\"lazy\" decoding=\"async\" class=\"alignnone size-large wp-image-5601\" src=\"https:\/\/tudulinnakultuurikants.ee\/wp-content\/uploads\/2024\/08\/20240811_162846-1024x683.jpg\" alt=\"\" width=\"1024\" height=\"683\" srcset=\"https:\/\/tudulinnakultuurikants.ee\/wp-content\/uploads\/2024\/08\/20240811_162846-1024x683.jpg 1024w, https:\/\/tudulinnakultuurikants.ee\/wp-content\/uploads\/2024\/08\/20240811_162846-300x200.jpg 300w, https:\/\/tudulinnakultuurikants.ee\/wp-content\/uploads\/2024\/08\/20240811_162846-768x512.jpg 768w, https:\/\/tudulinnakultuurikants.ee\/wp-content\/uploads\/2024\/08\/20240811_162846-600x400.jpg 600w, https:\/\/tudulinnakultuurikants.ee\/wp-content\/uploads\/2024\/08\/20240811_162846-1536x1024.jpg 1536w, https:\/\/tudulinnakultuurikants.ee\/wp-content\/uploads\/2024\/08\/20240811_162846-2048x1365.jpg 2048w, https:\/\/tudulinnakultuurikants.ee\/wp-content\/uploads\/2024\/08\/20240811_162846-270x180.jpg 270w, https:\/\/tudulinnakultuurikants.ee\/wp-content\/uploads\/2024\/08\/20240811_162846-710x473.jpg 710w, https:\/\/tudulinnakultuurikants.ee\/wp-content\/uploads\/2024\/08\/20240811_162846-272x182.jpg 272w\" sizes=\"auto, (max-width: 1024px) 100vw, 1024px\" \/> <img loading=\"lazy\" decoding=\"async\" class=\"alignnone size-large wp-image-5602\" src=\"https:\/\/tudulinnakultuurikants.ee\/wp-content\/uploads\/2024\/08\/20240811_163158-1024x683.jpg\" alt=\"\" width=\"1024\" height=\"683\" srcset=\"https:\/\/tudulinnakultuurikants.ee\/wp-content\/uploads\/2024\/08\/20240811_163158-1024x683.jpg 1024w, https:\/\/tudulinnakultuurikants.ee\/wp-content\/uploads\/2024\/08\/20240811_163158-300x200.jpg 300w, https:\/\/tudulinnakultuurikants.ee\/wp-content\/uploads\/2024\/08\/20240811_163158-768x512.jpg 768w, https:\/\/tudulinnakultuurikants.ee\/wp-content\/uploads\/2024\/08\/20240811_163158-600x400.jpg 600w, https:\/\/tudulinnakultuurikants.ee\/wp-content\/uploads\/2024\/08\/20240811_163158-1536x1024.jpg 1536w, https:\/\/tudulinnakultuurikants.ee\/wp-content\/uploads\/2024\/08\/20240811_163158-2048x1365.jpg 2048w, https:\/\/tudulinnakultuurikants.ee\/wp-content\/uploads\/2024\/08\/20240811_163158-270x180.jpg 270w, https:\/\/tudulinnakultuurikants.ee\/wp-content\/uploads\/2024\/08\/20240811_163158-710x473.jpg 710w, https:\/\/tudulinnakultuurikants.ee\/wp-content\/uploads\/2024\/08\/20240811_163158-272x182.jpg 272w\" sizes=\"auto, (max-width: 1024px) 100vw, 1024px\" \/> <img loading=\"lazy\" decoding=\"async\" class=\"alignnone size-large wp-image-5603\" src=\"https:\/\/tudulinnakultuurikants.ee\/wp-content\/uploads\/2024\/08\/20240811_170229-683x1024.jpg\" alt=\"\" width=\"683\" height=\"1024\" srcset=\"https:\/\/tudulinnakultuurikants.ee\/wp-content\/uploads\/2024\/08\/20240811_170229-683x1024.jpg 683w, https:\/\/tudulinnakultuurikants.ee\/wp-content\/uploads\/2024\/08\/20240811_170229-200x300.jpg 200w, https:\/\/tudulinnakultuurikants.ee\/wp-content\/uploads\/2024\/08\/20240811_170229-768x1152.jpg 768w, https:\/\/tudulinnakultuurikants.ee\/wp-content\/uploads\/2024\/08\/20240811_170229-1024x1536.jpg 1024w, https:\/\/tudulinnakultuurikants.ee\/wp-content\/uploads\/2024\/08\/20240811_170229-1365x2048.jpg 1365w, https:\/\/tudulinnakultuurikants.ee\/wp-content\/uploads\/2024\/08\/20240811_170229-710x1065.jpg 710w, https:\/\/tudulinnakultuurikants.ee\/wp-content\/uploads\/2024\/08\/20240811_170229-scaled.jpg 1707w\" sizes=\"auto, (max-width: 683px) 100vw, 683px\" \/> <img loading=\"lazy\" decoding=\"async\" class=\"alignnone size-large wp-image-5604\" src=\"https:\/\/tudulinnakultuurikants.ee\/wp-content\/uploads\/2024\/08\/20240811_175111-768x1024.jpg\" alt=\"\" width=\"768\" height=\"1024\" srcset=\"https:\/\/tudulinnakultuurikants.ee\/wp-content\/uploads\/2024\/08\/20240811_175111-768x1024.jpg 768w, https:\/\/tudulinnakultuurikants.ee\/wp-content\/uploads\/2024\/08\/20240811_175111-225x300.jpg 225w, https:\/\/tudulinnakultuurikants.ee\/wp-content\/uploads\/2024\/08\/20240811_175111-1152x1536.jpg 1152w, https:\/\/tudulinnakultuurikants.ee\/wp-content\/uploads\/2024\/08\/20240811_175111-1536x2048.jpg 1536w, https:\/\/tudulinnakultuurikants.ee\/wp-content\/uploads\/2024\/08\/20240811_175111-710x947.jpg 710w, https:\/\/tudulinnakultuurikants.ee\/wp-content\/uploads\/2024\/08\/20240811_175111-scaled.jpg 1920w\" sizes=\"auto, (max-width: 768px) 100vw, 768px\" \/> <img loading=\"lazy\" decoding=\"async\" class=\"alignnone size-large wp-image-5605\" src=\"https:\/\/tudulinnakultuurikants.ee\/wp-content\/uploads\/2024\/08\/20240811_182807-683x1024.jpg\" alt=\"\" width=\"683\" height=\"1024\" srcset=\"https:\/\/tudulinnakultuurikants.ee\/wp-content\/uploads\/2024\/08\/20240811_182807-683x1024.jpg 683w, https:\/\/tudulinnakultuurikants.ee\/wp-content\/uploads\/2024\/08\/20240811_182807-200x300.jpg 200w, https:\/\/tudulinnakultuurikants.ee\/wp-content\/uploads\/2024\/08\/20240811_182807-768x1152.jpg 768w, https:\/\/tudulinnakultuurikants.ee\/wp-content\/uploads\/2024\/08\/20240811_182807-1024x1536.jpg 1024w, https:\/\/tudulinnakultuurikants.ee\/wp-content\/uploads\/2024\/08\/20240811_182807-1365x2048.jpg 1365w, https:\/\/tudulinnakultuurikants.ee\/wp-content\/uploads\/2024\/08\/20240811_182807-710x1065.jpg 710w, https:\/\/tudulinnakultuurikants.ee\/wp-content\/uploads\/2024\/08\/20240811_182807-scaled.jpg 1707w\" sizes=\"auto, (max-width: 683px) 100vw, 683px\" \/> <img loading=\"lazy\" decoding=\"async\" class=\"alignnone size-large wp-image-5606\" src=\"https:\/\/tudulinnakultuurikants.ee\/wp-content\/uploads\/2024\/08\/20240811_182913-1024x683.jpg\" alt=\"\" width=\"1024\" height=\"683\" srcset=\"https:\/\/tudulinnakultuurikants.ee\/wp-content\/uploads\/2024\/08\/20240811_182913-1024x683.jpg 1024w, https:\/\/tudulinnakultuurikants.ee\/wp-content\/uploads\/2024\/08\/20240811_182913-300x200.jpg 300w, https:\/\/tudulinnakultuurikants.ee\/wp-content\/uploads\/2024\/08\/20240811_182913-768x512.jpg 768w, https:\/\/tudulinnakultuurikants.ee\/wp-content\/uploads\/2024\/08\/20240811_182913-600x400.jpg 600w, https:\/\/tudulinnakultuurikants.ee\/wp-content\/uploads\/2024\/08\/20240811_182913-1536x1024.jpg 1536w, https:\/\/tudulinnakultuurikants.ee\/wp-content\/uploads\/2024\/08\/20240811_182913-2048x1365.jpg 2048w, https:\/\/tudulinnakultuurikants.ee\/wp-content\/uploads\/2024\/08\/20240811_182913-270x180.jpg 270w, https:\/\/tudulinnakultuurikants.ee\/wp-content\/uploads\/2024\/08\/20240811_182913-710x473.jpg 710w, https:\/\/tudulinnakultuurikants.ee\/wp-content\/uploads\/2024\/08\/20240811_182913-272x182.jpg 272w\" sizes=\"auto, (max-width: 1024px) 100vw, 1024px\" \/> <img loading=\"lazy\" decoding=\"async\" class=\"alignnone size-large wp-image-5607\" src=\"https:\/\/tudulinnakultuurikants.ee\/wp-content\/uploads\/2024\/08\/20240811_203417-1024x683.jpg\" alt=\"\" width=\"1024\" height=\"683\" srcset=\"https:\/\/tudulinnakultuurikants.ee\/wp-content\/uploads\/2024\/08\/20240811_203417-1024x683.jpg 1024w, https:\/\/tudulinnakultuurikants.ee\/wp-content\/uploads\/2024\/08\/20240811_203417-300x200.jpg 300w, https:\/\/tudulinnakultuurikants.ee\/wp-content\/uploads\/2024\/08\/20240811_203417-768x512.jpg 768w, https:\/\/tudulinnakultuurikants.ee\/wp-content\/uploads\/2024\/08\/20240811_203417-600x400.jpg 600w, https:\/\/tudulinnakultuurikants.ee\/wp-content\/uploads\/2024\/08\/20240811_203417-1536x1024.jpg 1536w, https:\/\/tudulinnakultuurikants.ee\/wp-content\/uploads\/2024\/08\/20240811_203417-2048x1365.jpg 2048w, https:\/\/tudulinnakultuurikants.ee\/wp-content\/uploads\/2024\/08\/20240811_203417-270x180.jpg 270w, https:\/\/tudulinnakultuurikants.ee\/wp-content\/uploads\/2024\/08\/20240811_203417-710x473.jpg 710w, https:\/\/tudulinnakultuurikants.ee\/wp-content\/uploads\/2024\/08\/20240811_203417-272x182.jpg 272w\" sizes=\"auto, (max-width: 1024px) 100vw, 1024px\" \/> <img loading=\"lazy\" decoding=\"async\" class=\"alignnone size-large wp-image-5608\" src=\"https:\/\/tudulinnakultuurikants.ee\/wp-content\/uploads\/2024\/08\/20240811_203439-1024x683.jpg\" alt=\"\" width=\"1024\" height=\"683\" srcset=\"https:\/\/tudulinnakultuurikants.ee\/wp-content\/uploads\/2024\/08\/20240811_203439-1024x683.jpg 1024w, https:\/\/tudulinnakultuurikants.ee\/wp-content\/uploads\/2024\/08\/20240811_203439-300x200.jpg 300w, https:\/\/tudulinnakultuurikants.ee\/wp-content\/uploads\/2024\/08\/20240811_203439-768x512.jpg 768w, https:\/\/tudulinnakultuurikants.ee\/wp-content\/uploads\/2024\/08\/20240811_203439-600x400.jpg 600w, https:\/\/tudulinnakultuurikants.ee\/wp-content\/uploads\/2024\/08\/20240811_203439-1536x1024.jpg 1536w, https:\/\/tudulinnakultuurikants.ee\/wp-content\/uploads\/2024\/08\/20240811_203439-2048x1365.jpg 2048w, https:\/\/tudulinnakultuurikants.ee\/wp-content\/uploads\/2024\/08\/20240811_203439-270x180.jpg 270w, https:\/\/tudulinnakultuurikants.ee\/wp-content\/uploads\/2024\/08\/20240811_203439-710x473.jpg 710w, https:\/\/tudulinnakultuurikants.ee\/wp-content\/uploads\/2024\/08\/20240811_203439-272x182.jpg 272w\" sizes=\"auto, (max-width: 1024px) 100vw, 1024px\" \/> <img loading=\"lazy\" decoding=\"async\" class=\"alignnone size-large wp-image-5609\" src=\"https:\/\/tudulinnakultuurikants.ee\/wp-content\/uploads\/2024\/08\/20240811_163831-683x1024.jpg\" alt=\"\" width=\"683\" height=\"1024\" srcset=\"https:\/\/tudulinnakultuurikants.ee\/wp-content\/uploads\/2024\/08\/20240811_163831-683x1024.jpg 683w, https:\/\/tudulinnakultuurikants.ee\/wp-content\/uploads\/2024\/08\/20240811_163831-200x300.jpg 200w, https:\/\/tudulinnakultuurikants.ee\/wp-content\/uploads\/2024\/08\/20240811_163831-768x1152.jpg 768w, https:\/\/tudulinnakultuurikants.ee\/wp-content\/uploads\/2024\/08\/20240811_163831-1024x1536.jpg 1024w, https:\/\/tudulinnakultuurikants.ee\/wp-content\/uploads\/2024\/08\/20240811_163831-1365x2048.jpg 1365w, https:\/\/tudulinnakultuurikants.ee\/wp-content\/uploads\/2024\/08\/20240811_163831-710x1065.jpg 710w, https:\/\/tudulinnakultuurikants.ee\/wp-content\/uploads\/2024\/08\/20240811_163831-scaled.jpg 1707w\" sizes=\"auto, (max-width: 683px) 100vw, 683px\" \/> <img loading=\"lazy\" decoding=\"async\" class=\"alignnone size-large wp-image-5610\" src=\"https:\/\/tudulinnakultuurikants.ee\/wp-content\/uploads\/2024\/08\/20240811_201528-1024x683.jpg\" alt=\"\" width=\"1024\" height=\"683\" srcset=\"https:\/\/tudulinnakultuurikants.ee\/wp-content\/uploads\/2024\/08\/20240811_201528-1024x683.jpg 1024w, https:\/\/tudulinnakultuurikants.ee\/wp-content\/uploads\/2024\/08\/20240811_201528-300x200.jpg 300w, https:\/\/tudulinnakultuurikants.ee\/wp-content\/uploads\/2024\/08\/20240811_201528-768x512.jpg 768w, https:\/\/tudulinnakultuurikants.ee\/wp-content\/uploads\/2024\/08\/20240811_201528-600x400.jpg 600w, https:\/\/tudulinnakultuurikants.ee\/wp-content\/uploads\/2024\/08\/20240811_201528-1536x1024.jpg 1536w, https:\/\/tudulinnakultuurikants.ee\/wp-content\/uploads\/2024\/08\/20240811_201528-2048x1365.jpg 2048w, https:\/\/tudulinnakultuurikants.ee\/wp-content\/uploads\/2024\/08\/20240811_201528-270x180.jpg 270w, https:\/\/tudulinnakultuurikants.ee\/wp-content\/uploads\/2024\/08\/20240811_201528-710x473.jpg 710w, https:\/\/tudulinnakultuurikants.ee\/wp-content\/uploads\/2024\/08\/20240811_201528-272x182.jpg 272w\" sizes=\"auto, (max-width: 1024px) 100vw, 1024px\" \/> <img loading=\"lazy\" decoding=\"async\" class=\"alignnone size-large wp-image-5611\" src=\"https:\/\/tudulinnakultuurikants.ee\/wp-content\/uploads\/2024\/08\/20240811_194033-1024x683.jpg\" alt=\"\" width=\"1024\" height=\"683\" srcset=\"https:\/\/tudulinnakultuurikants.ee\/wp-content\/uploads\/2024\/08\/20240811_194033-1024x683.jpg 1024w, https:\/\/tudulinnakultuurikants.ee\/wp-content\/uploads\/2024\/08\/20240811_194033-300x200.jpg 300w, https:\/\/tudulinnakultuurikants.ee\/wp-content\/uploads\/2024\/08\/20240811_194033-768x512.jpg 768w, https:\/\/tudulinnakultuurikants.ee\/wp-content\/uploads\/2024\/08\/20240811_194033-600x400.jpg 600w, https:\/\/tudulinnakultuurikants.ee\/wp-content\/uploads\/2024\/08\/20240811_194033-1536x1024.jpg 1536w, https:\/\/tudulinnakultuurikants.ee\/wp-content\/uploads\/2024\/08\/20240811_194033-2048x1365.jpg 2048w, https:\/\/tudulinnakultuurikants.ee\/wp-content\/uploads\/2024\/08\/20240811_194033-270x180.jpg 270w, https:\/\/tudulinnakultuurikants.ee\/wp-content\/uploads\/2024\/08\/20240811_194033-710x473.jpg 710w, https:\/\/tudulinnakultuurikants.ee\/wp-content\/uploads\/2024\/08\/20240811_194033-272x182.jpg 272w\" sizes=\"auto, (max-width: 1024px) 100vw, 1024px\" \/><\/p>\n<\/div>\n","protected":false},"excerpt":{"rendered":"<p>Juba seitsmendat korda! 11. augustil 2024 sai teoks kauaoodatud suvefestival Tudulinna Tuled, mis pakkus kohale saabunud arvukale publikule kauneid elamusi nii s\u00f5nas kui muusikas! Esmakordselt festivalide ajaloos oli tegu temaatilise s\u00fcndmusega &#8211; \u00fcldpealkirjaks oli &#8220;Maailmar\u00e4nnud&#8221;. Festival algas Lastemaailma avamisega, kus selleks ettevalmistatud telgis asuti suure hoolega meisterdama keerulisi lego-kujundeid. Seal&nbsp;[ &hellip; ]<\/p>\n","protected":false},"author":2,"featured_media":0,"parent":0,"menu_order":0,"comment_status":"closed","ping_status":"closed","template":"","meta":{"_bbp_topic_count":0,"_bbp_reply_count":0,"_bbp_total_topic_count":0,"_bbp_total_reply_count":0,"_bbp_voice_count":0,"_bbp_anonymous_reply_count":0,"_bbp_topic_count_hidden":0,"_bbp_reply_count_hidden":0,"_bbp_forum_subforum_count":0,"footnotes":"","_links_to":"","_links_to_target":""},"class_list":["post-5598","page","type-page","status-publish","hentry","list-style-post"],"_links":{"self":[{"href":"https:\/\/tudulinnakultuurikants.ee\/index.php?rest_route=\/wp\/v2\/pages\/5598","targetHints":{"allow":["GET"]}}],"collection":[{"href":"https:\/\/tudulinnakultuurikants.ee\/index.php?rest_route=\/wp\/v2\/pages"}],"about":[{"href":"https:\/\/tudulinnakultuurikants.ee\/index.php?rest_route=\/wp\/v2\/types\/page"}],"author":[{"embeddable":true,"href":"https:\/\/tudulinnakultuurikants.ee\/index.php?rest_route=\/wp\/v2\/users\/2"}],"replies":[{"embeddable":true,"href":"https:\/\/tudulinnakultuurikants.ee\/index.php?rest_route=%2Fwp%2Fv2%2Fcomments&post=5598"}],"version-history":[{"count":4,"href":"https:\/\/tudulinnakultuurikants.ee\/index.php?rest_route=\/wp\/v2\/pages\/5598\/revisions"}],"predecessor-version":[{"id":5731,"href":"https:\/\/tudulinnakultuurikants.ee\/index.php?rest_route=\/wp\/v2\/pages\/5598\/revisions\/5731"}],"wp:attachment":[{"href":"https:\/\/tudulinnakultuurikants.ee\/index.php?rest_route=%2Fwp%2Fv2%2Fmedia&parent=5598"}],"curies":[{"name":"wp","href":"https:\/\/api.w.org\/{rel}","templated":true}]}}