{"id":5700,"date":"2025-03-24T21:11:40","date_gmt":"2025-03-24T19:11:40","guid":{"rendered":"https:\/\/tudulinnakultuurikants.ee\/?page_id=5700"},"modified":"2025-03-24T21:11:40","modified_gmt":"2025-03-24T19:11:40","slug":"linda-haamer-tudulinna-rahva-kannatuste-aastad-1940-1953","status":"publish","type":"page","link":"https:\/\/tudulinnakultuurikants.ee\/?page_id=5700","title":{"rendered":"Linda Haamer. Tudulinna rahva kannatuste aastad 1940-1953"},"content":{"rendered":"<p><span style=\"color: #0000ff;\"><em>\u201dKorduvalt on rahvaste ajaloos tulnud ette kuldseid \u00f5itse-, aga ka pimedaid orjaaegu. On rahvaid ja rahvusi, kes ajaloo areenilt on sootuks kadunud, on ka neid, kes teisi\u00b7 v\u00f5ites ja orjastades on v\u00e4gevaks ja suureks paisunud; kuid on ka neid, kes aastatuhandeid on oma staatuse s\u00e4ilitanud, on j\u00e4\u00e4nud iseendaks igasuguses olukorras.\u201d<\/em><\/span><\/p>\n<p>&nbsp;<\/p>\n<p>V\u00f5imsa sissejuhatusega algab \u00fcks Tudulinna-teemaline kogumik, mida on raamatuaasta puhul paslik tutvustada just praegu, m\u00e4rtsikuu l\u00f5pul. Need read pani kirja Sahargu k\u00fclast Kraavi talust p\u00e4rit <strong>Linda Haamer (s. Vaas, 1905-1996)<\/strong>. Kooli\u00f5petaja ja aktiivne seltsielutegelane, kes v\u00f5ttis juba varakult oma s\u00fcdameasjaks kodukandi kultuuriloo kogumise ja kirjas\u00f5nasse talletamise. Olgu siin mainitud kasv\u00f5i tema p\u00f5hjalik teos koduk\u00fclast Sahargust, mida tutvustame l\u00e4hemalt ehk kunagi edaspidi.<\/p>\n<p><strong>Linda Haamer<\/strong> s\u00fcndis tsaariajal, elas oma parimad noorusaastad iseseisvas Eesti Wabariigis, n\u00e4gi seej\u00e4rel k\u00f5ige ilusa kokkuvarisemist ja h\u00e4vingut ning p\u00fc\u00fcdis \u00fchest k\u00fcljest endale t\u00e4helepanu t\u00f5mbamata, kuid teisalt endistviisi aktiivselt Tudulinna vaimu elus hoida l\u00e4bi terve pika n\u00f5ukaaja. Hoidis tugevalt ja kui hakkas kaugusest paistma taas koidukuma, oli just <strong>Linda Haamer<\/strong> see, kes v\u00f5ttis k\u00e4tte ja pani kirja (loe \u2013 julges panna kirja!) k\u00f5ik koledad repressioonid, mille ohvriks paljud tudulinlased olid stalinlikul ajal langenud. Ta tegi seda esimesel v\u00f5imalikul hetkel \u2013 veel m\u00f5ned aastad varem oleks sellise \u00fclevaate koostaja r\u00e4nnanud kiiresti oma raamatu \u00f5nnetutele kangelastele j\u00e4rele sinna kuskile, kust tagasi ei tulda&#8230;<\/p>\n<p><em> <img loading=\"lazy\" decoding=\"async\" class=\"alignnone  wp-image-5705\" src=\"https:\/\/tudulinnakultuurikants.ee\/wp-content\/uploads\/2025\/03\/Linda-Haamer.jpg\" alt=\"\" width=\"302\" height=\"219\" srcset=\"https:\/\/tudulinnakultuurikants.ee\/wp-content\/uploads\/2025\/03\/Linda-Haamer.jpg 400w, https:\/\/tudulinnakultuurikants.ee\/wp-content\/uploads\/2025\/03\/Linda-Haamer-300x218.jpg 300w\" sizes=\"auto, (max-width: 302px) 100vw, 302px\" \/><\/em><\/p>\n<p><span style=\"color: #0000ff;\"><em>\u201dK\u00f5ige kohutavam\u00a0 ajaj\u00e4rk meie rahva ajaloos ja elus on kahtlemata\u00a0 aastad\u00a0 1941-1953. Siis oli iga p\u00e4ev inimeste vangistamisi, mahalaskmisi, arreteerimisi, \u00fclekuulamisi koos peksmisega\u00a0 jne. K\u00f5ik, kellel oli korralik majapidamine v\u00f5i kultuursem kodu, langesid p\u00f5lu alla ja tunnistati rahvavaenlasteks. Sellest tingitud hirmu ajendil j\u00e4tsidki paljud oma kodud\u00a0 maha ja l\u00e4ksid mujale. Enamik neist p\u00f5genes kodust just 1949\u00a0 aasta k\u00fc\u00fcditamisele eelneva 24 tunni jooksul. Kodud j\u00e4eti vanurite hooleks arvates, et ega neid \u201dsurma reedel&#8221; kodust\u00a0 v\u00e4lja ei viida. Paraku\u00a0 ei olnud aga\u00a0 stalinismi\u00a0 ajal ebainimlikkusel piiri. K\u00fc\u00fcditati isegi \u00fcle 90-aastasi rauku.\u201d<\/em><\/span><\/p>\n<p>&nbsp;<\/p>\n<p><strong>\u201dTudulinna rahva knnatuste aastad 1940-1953\u201d<\/strong> j\u00f5udis lugejate ette 1989 aastal. Arhiivid olid veel suletud, eriti need, kust oleks saanud andmeid k\u00fc\u00fcditatute, tapetute ja muul viisil kannatanute kohta. \u00d5nneks oli siis veel elus neid, kes m\u00e4letasid. Ja <strong>Linda Haamer<\/strong> teadis ja tundis neid. P\u00f5hjaliku kirjavahetuse, paljude vestluste ja isiklike m\u00e4lestuste baasil see kogumik s\u00fcndiski. Ja kui siis hiljem avanesid ka andmebaasid, ei ole vigade paranduseks suuremat p\u00f5hjust olnudki.<\/p>\n<p>See ei ole lihtne lugemine. <strong>Aga see on osake Tudulinna ajaloost,<\/strong> mida ei saa ega tohi maha vaikida! Need k\u00fcmned ja k\u00fcmned pered, kellest siin juttu, olemata milleski s\u00fc\u00fcdi, ei n\u00e4inud loodetud helget tulevikku. Vedas, kes ellu j\u00e4id. Aga kodu enam ei olnud, sugulased ja naabrid teadmata kadunud, hirm ja \u00f5udus valitses \u00fcmberringi&#8230;<\/p>\n<p>&nbsp;<\/p>\n<p><span style=\"color: #0000ff;\"><em>\u201dPaljud, kes neil p\u00e4evil kodust lahkusid, ei tulnudki enam sinna tagasi.. Nende majapidamised tunnistati kulaklikeks, varandus konfiskeeriti ja j\u00e4eti kohaliku omavalitsuse valdusse. M\u00f5nedesse taludesse asusid elama ingerlased, m\u00f5ned j\u00e4id lihtsalt saatuse hooleks.<\/em><\/span><\/p>\n<p><span style=\"color: #0000ff;\"><em>Mis s\u00f5jast oli s\u00e4ilinud, see h\u00e4vis n\u00fc\u00fcd \u00f5eluse, kurjuse, halastamatuse ja hoolimatuse l\u00e4bi.\u201d<\/em><\/span><\/p>\n<p>&nbsp;<\/p>\n<p>M\u00e4rtsikuise suurk\u00fc\u00fcditamise j\u00e4rjekordsel aastap\u00e4eval on p\u00f5hjust meenutada, m\u00e4lestada, m\u00e4letada&#8230;<\/p>\n<p><img loading=\"lazy\" decoding=\"async\" class=\"alignnone  wp-image-5706\" src=\"https:\/\/tudulinnakultuurikants.ee\/wp-content\/uploads\/2025\/03\/martsikuuditamine.jpg\" alt=\"\" width=\"545\" height=\"357\" srcset=\"https:\/\/tudulinnakultuurikants.ee\/wp-content\/uploads\/2025\/03\/martsikuuditamine.jpg 1000w, https:\/\/tudulinnakultuurikants.ee\/wp-content\/uploads\/2025\/03\/martsikuuditamine-300x196.jpg 300w, https:\/\/tudulinnakultuurikants.ee\/wp-content\/uploads\/2025\/03\/martsikuuditamine-768x502.jpg 768w, https:\/\/tudulinnakultuurikants.ee\/wp-content\/uploads\/2025\/03\/martsikuuditamine-380x250.jpg 380w, https:\/\/tudulinnakultuurikants.ee\/wp-content\/uploads\/2025\/03\/martsikuuditamine-710x464.jpg 710w\" sizes=\"auto, (max-width: 545px) 100vw, 545px\" \/><img loading=\"lazy\" decoding=\"async\" class=\"alignnone  wp-image-5704\" src=\"https:\/\/tudulinnakultuurikants.ee\/wp-content\/uploads\/2025\/03\/1-3_1.jpg\" alt=\"\" width=\"550\" height=\"385\" srcset=\"https:\/\/tudulinnakultuurikants.ee\/wp-content\/uploads\/2025\/03\/1-3_1.jpg 800w, https:\/\/tudulinnakultuurikants.ee\/wp-content\/uploads\/2025\/03\/1-3_1-300x210.jpg 300w, https:\/\/tudulinnakultuurikants.ee\/wp-content\/uploads\/2025\/03\/1-3_1-768x538.jpg 768w, https:\/\/tudulinnakultuurikants.ee\/wp-content\/uploads\/2025\/03\/1-3_1-100x70.jpg 100w, https:\/\/tudulinnakultuurikants.ee\/wp-content\/uploads\/2025\/03\/1-3_1-710x497.jpg 710w\" sizes=\"auto, (max-width: 550px) 100vw, 550px\" \/><\/p>\n","protected":false},"excerpt":{"rendered":"<p>\u201dKorduvalt on rahvaste ajaloos tulnud ette kuldseid \u00f5itse-, aga ka pimedaid orjaaegu. On rahvaid ja rahvusi, kes ajaloo areenilt on sootuks kadunud, on ka neid, kes teisi\u00b7 v\u00f5ites ja orjastades on v\u00e4gevaks ja suureks paisunud; kuid on ka neid, kes aastatuhandeid on oma staatuse s\u00e4ilitanud, on j\u00e4\u00e4nud iseendaks igasuguses olukorras.\u201d&nbsp;[ &hellip; ]<\/p>\n","protected":false},"author":2,"featured_media":0,"parent":0,"menu_order":0,"comment_status":"closed","ping_status":"closed","template":"","meta":{"_bbp_topic_count":0,"_bbp_reply_count":0,"_bbp_total_topic_count":0,"_bbp_total_reply_count":0,"_bbp_voice_count":0,"_bbp_anonymous_reply_count":0,"_bbp_topic_count_hidden":0,"_bbp_reply_count_hidden":0,"_bbp_forum_subforum_count":0,"footnotes":"","_links_to":"","_links_to_target":""},"class_list":["post-5700","page","type-page","status-publish","hentry","list-style-post"],"_links":{"self":[{"href":"https:\/\/tudulinnakultuurikants.ee\/index.php?rest_route=\/wp\/v2\/pages\/5700","targetHints":{"allow":["GET"]}}],"collection":[{"href":"https:\/\/tudulinnakultuurikants.ee\/index.php?rest_route=\/wp\/v2\/pages"}],"about":[{"href":"https:\/\/tudulinnakultuurikants.ee\/index.php?rest_route=\/wp\/v2\/types\/page"}],"author":[{"embeddable":true,"href":"https:\/\/tudulinnakultuurikants.ee\/index.php?rest_route=\/wp\/v2\/users\/2"}],"replies":[{"embeddable":true,"href":"https:\/\/tudulinnakultuurikants.ee\/index.php?rest_route=%2Fwp%2Fv2%2Fcomments&post=5700"}],"version-history":[{"count":3,"href":"https:\/\/tudulinnakultuurikants.ee\/index.php?rest_route=\/wp\/v2\/pages\/5700\/revisions"}],"predecessor-version":[{"id":5707,"href":"https:\/\/tudulinnakultuurikants.ee\/index.php?rest_route=\/wp\/v2\/pages\/5700\/revisions\/5707"}],"wp:attachment":[{"href":"https:\/\/tudulinnakultuurikants.ee\/index.php?rest_route=%2Fwp%2Fv2%2Fmedia&parent=5700"}],"curies":[{"name":"wp","href":"https:\/\/api.w.org\/{rel}","templated":true}]}}