{"id":5875,"date":"2025-10-25T17:07:20","date_gmt":"2025-10-25T15:07:20","guid":{"rendered":"https:\/\/tudulinnakultuurikants.ee\/?page_id=5875"},"modified":"2025-10-25T17:07:20","modified_gmt":"2025-10-25T15:07:20","slug":"ago-livius-kerge-alutaguse-uinuv-kaunitar","status":"publish","type":"page","link":"https:\/\/tudulinnakultuurikants.ee\/?page_id=5875","title":{"rendered":"Ago Livius Kerge.  Alutaguse uinuv kaunitar"},"content":{"rendered":"<p><img loading=\"lazy\" decoding=\"async\" class=\"alignnone  wp-image-5387\" src=\"https:\/\/tudulinnakultuurikants.ee\/wp-content\/uploads\/2023\/06\/Alutaguse-uinuv-kaunitar.jpg\" alt=\"\" width=\"246\" height=\"335\" srcset=\"https:\/\/tudulinnakultuurikants.ee\/wp-content\/uploads\/2023\/06\/Alutaguse-uinuv-kaunitar.jpg 367w, https:\/\/tudulinnakultuurikants.ee\/wp-content\/uploads\/2023\/06\/Alutaguse-uinuv-kaunitar-220x300.jpg 220w\" sizes=\"auto, (max-width: 246px) 100vw, 246px\" \/><\/p>\n<p><strong>\u00dcks t\u00f5eliselt romantilise pealkirjaga Tudulinna-raamat \u201eAlutaguse uinuv kaunitar\u201c.<\/strong><\/p>\n<p>K\u00f5igepealt paar s\u00f5na autori <strong>Ago-Livius Kerge<\/strong> tutvustuseks:<\/p>\n<p>S\u00fcndinud 1933 Tudulinnas (ema Otilie oli p\u00e4rit Mardira talust, isa Jaan laialdaselt tunnustatud tohter, kes tuli Tudulinna L\u00f5una-Eestist), l\u00f5petas 1960 Kunstiinstituudi arhitektina. Tema diplomit\u00f6\u00f6ks oli etnograafia- ja kunstimuuseumi hoone (ERM) Tartus, mida k\u00fcll kunagi sellisena ei ehitatud.<\/p>\n<p>Ago-Livius Kerge esimeseks mahukamaks t\u00f6\u00f6ks arhitektina oli <strong>Tudulinna uus kultuurimaja<\/strong> (1959).\u00a0J\u00e4rgnevatel aastatel t\u00f6\u00f6tas ta Tallinnas mitmesugustel ametikohtadel, sealhulgas aastatel 1976\u20131989\u00a0Eesti Maaehitusprojekti\u00a0peaarhitektina <em>ning 1989\u20131991 Ehituse Teadusliku Uurimise Instituudi arhitektuurijaoskonna juhina. 1991. aastal oli AS-i Aale tegevdirektor.<\/em><\/p>\n<p>Kerge on projekteerinud paark\u00fcmmend eramut, \u00fcle saja suvila\/aiamaja ja paark\u00fcmmend\u00a0detailplaneeringut.\u00a0Suuremad objektid:<\/p>\n<ul>\n<li>Tartu Aparaaditehase\u00a0uus hoone (1961)<\/li>\n<li>tehase Metallist laiendus Lasnam\u00e4el (1962)<\/li>\n<li>Kihnu saare \u00fcldplaneering (1984)<\/li>\n<\/ul>\n<ol start=\"1989\">\n<li>aasta m\u00e4rtsis \u00fchines ta\u00a0Kodanike Komiteede\u00a0liikumisega ning oli EV Tallinna Kesklinna komitee sekret\u00e4r, hiljem esimees. Ta valiti\u00a0<strong>Eesti Kongressi\u00a0saadikuks<\/strong>. Kerge oli \u00fcks 1987. aasta veebruaris asutatud\u00a0<strong>Eesti Gladioolikasvatajate Klubi<\/strong>m\u00f5tte algatajaid ja 1989\u20131994 selle president.<\/li>\n<\/ol>\n<p><img loading=\"lazy\" decoding=\"async\" class=\"alignnone  wp-image-5878\" src=\"https:\/\/tudulinnakultuurikants.ee\/wp-content\/uploads\/2025\/10\/Rongasrist-vana-kiriku-juures-2-1024x998.jpg\" alt=\"\" width=\"690\" height=\"672\" srcset=\"https:\/\/tudulinnakultuurikants.ee\/wp-content\/uploads\/2025\/10\/Rongasrist-vana-kiriku-juures-2-1024x998.jpg 1024w, https:\/\/tudulinnakultuurikants.ee\/wp-content\/uploads\/2025\/10\/Rongasrist-vana-kiriku-juures-2-300x293.jpg 300w, https:\/\/tudulinnakultuurikants.ee\/wp-content\/uploads\/2025\/10\/Rongasrist-vana-kiriku-juures-2-768x749.jpg 768w, https:\/\/tudulinnakultuurikants.ee\/wp-content\/uploads\/2025\/10\/Rongasrist-vana-kiriku-juures-2-710x692.jpg 710w, https:\/\/tudulinnakultuurikants.ee\/wp-content\/uploads\/2025\/10\/Rongasrist-vana-kiriku-juures-2.jpg 1083w\" sizes=\"auto, (max-width: 690px) 100vw, 690px\" \/><\/p>\n<p>FOTOL: RAAMATU AUTOR TAGA KESKEL VIIMASE VANA R\u00d5NGASRISTI JUURES TUDULINNA VANA KIRIKU K\u00d5RVAL. PILT ON TEHTUD JUUNIS 1949. VARSTI P\u00c4RAST SEDA AJALOOLINE HAUAT\u00c4HIS KADUS (T\u00d5EN\u00c4OLISELT L\u00d5HUTI).<\/p>\n<p><strong>Raamatust l\u00e4hemalt:<\/strong><\/p>\n<p>Autori s\u00f5nul oli algselt pealkirjaks planeeritud: \u201e<strong>Tudulinna s\u00fcndinud ja s\u00fcndimata lood<\/strong>\u201c. Seda l\u00e4htudes raamatu sisust, kus on Tudulinna lugusid maast ja rahvast, ajaloost ja t\u00e4nap\u00e4evast, loodusest ja kultuurist:<\/p>\n<ul>\n<li>Legendid \u2013 kuidas Tudulinna omale nime sai. Neid lugusid on palju!<\/li>\n<li>Geograafia \u2013 mis paigas see Tudulinna \u00f5ieti asub ja mis on siin \u00fcmber<\/li>\n<li>Ajalugu \u2013 algusest peale, m\u00fc\u00fcdid ja tegelikkus<\/li>\n<li>Rahvakombed, rahvariided, k\u00f5nepruuk<\/li>\n<li>Seltsid ja \u00fchingud \u2013 osaliselt<\/li>\n<li>P\u00f5hjalikult arstijaoskond<\/li>\n<li>HEJ ehitus koos rikkaliku fotomaterjaliga<\/li>\n<li>P\u00f5nevad kohad, vaatamisv\u00e4\u00e4rsused<\/li>\n<li>Tuntud tudulinlased l\u00e4bi aegade<\/li>\n<\/ul>\n<p>Teose tavap\u00e4ratu \u00fclesehitus, kus <strong>repressioonide ohvriks<\/strong> langenud tudulinlaste s\u00fcnge nimekiri raamib kogu teost, tuleneb praegusest maailma olukorrast ja Ukraina s\u00f5jast.<\/p>\n<p><img loading=\"lazy\" decoding=\"async\" class=\"alignnone size-large wp-image-5877\" src=\"https:\/\/tudulinnakultuurikants.ee\/wp-content\/uploads\/2025\/10\/Vosumois-1926.jpg\" alt=\"\" width=\"579\" height=\"395\" srcset=\"https:\/\/tudulinnakultuurikants.ee\/wp-content\/uploads\/2025\/10\/Vosumois-1926.jpg 579w, https:\/\/tudulinnakultuurikants.ee\/wp-content\/uploads\/2025\/10\/Vosumois-1926-300x205.jpg 300w\" sizes=\"auto, (max-width: 579px) 100vw, 579px\" \/><\/p>\n<p>FOTOL V\u00d5SUM\u00d5IS, ENDINE VENNASTEKOGUDUSE HOOLEKANDJATE RESIDENTS TUDULINNAS, MIS 1930-TEL OLI RAAMATU AUTORI KODUKS.<\/p>\n<p>\u00dcsna mahukas, \u00fcle 300-lehek\u00fcljeline paljude unikaalsete fotodega koguteos on kindlasti huvitav lugeda k\u00f5igile tudulinlastele, pakkudes rohkelt \u00e4ratundmisr\u00f5\u00f5mu. Aga siin on ka palju p\u00f5nevat avastamist ka mittetudulinlastele, kelle senised teadmised meie kandist on olnud kasinamad, kuid huvi neid kasvatada suur.<\/p>\n<p>Ago Kerge on varasemalt kirjutanud ka autobiograafilise triloogia, nn \u201eTudulinna\u201c-sarja:<\/p>\n<ul>\n<li><strong>Tudulinna \u2013 siit ma tulen<\/strong> (2015)<\/li>\n<li><strong>Tudulinnast Tallinna arhitektiks<\/strong> (2016)<\/li>\n<li><strong>Tudulinnast Eesti Kongressile<\/strong> (2017)<\/li>\n<\/ul>\n<p>K\u00f5ik neli raamatut on j\u00e4tkuvalt saadaval MT\u00dc Tudulinna Kultuurikants raamatuletis.<\/p>\n<p><img loading=\"lazy\" decoding=\"async\" class=\"alignnone size-full wp-image-5876\" src=\"https:\/\/tudulinnakultuurikants.ee\/wp-content\/uploads\/2025\/10\/Vaade-Mardirale-Nussiku-juurest-12.-09.43-Evald-Teder.jpg\" alt=\"\" width=\"625\" height=\"400\" srcset=\"https:\/\/tudulinnakultuurikants.ee\/wp-content\/uploads\/2025\/10\/Vaade-Mardirale-Nussiku-juurest-12.-09.43-Evald-Teder.jpg 625w, https:\/\/tudulinnakultuurikants.ee\/wp-content\/uploads\/2025\/10\/Vaade-Mardirale-Nussiku-juurest-12.-09.43-Evald-Teder-300x192.jpg 300w\" sizes=\"auto, (max-width: 625px) 100vw, 625px\" \/><\/p>\n<p>FOTOL VAADE MARDIRA TALULE (AUTORI EMA KODUTALU) N\u00dcSSIKU POOLT. EVALD TEDERI FOTO 1943. A.<\/p>\n<p><img loading=\"lazy\" decoding=\"async\" class=\"alignnone size-full wp-image-5675\" src=\"https:\/\/tudulinnakultuurikants.ee\/wp-content\/uploads\/2025\/01\/images_edited.jpg\" alt=\"\" width=\"225\" height=\"225\" srcset=\"https:\/\/tudulinnakultuurikants.ee\/wp-content\/uploads\/2025\/01\/images_edited.jpg 225w, https:\/\/tudulinnakultuurikants.ee\/wp-content\/uploads\/2025\/01\/images_edited-150x150.jpg 150w\" sizes=\"auto, (max-width: 225px) 100vw, 225px\" \/><\/p>\n","protected":false},"excerpt":{"rendered":"<p>\u00dcks t\u00f5eliselt romantilise pealkirjaga Tudulinna-raamat \u201eAlutaguse uinuv kaunitar\u201c. K\u00f5igepealt paar s\u00f5na autori Ago-Livius Kerge tutvustuseks: S\u00fcndinud 1933 Tudulinnas (ema Otilie oli p\u00e4rit Mardira talust, isa Jaan laialdaselt tunnustatud tohter, kes tuli Tudulinna L\u00f5una-Eestist), l\u00f5petas 1960 Kunstiinstituudi arhitektina. Tema diplomit\u00f6\u00f6ks oli etnograafia- ja kunstimuuseumi hoone (ERM) Tartus, mida k\u00fcll kunagi sellisena&nbsp;[ &hellip; ]<\/p>\n","protected":false},"author":2,"featured_media":0,"parent":0,"menu_order":0,"comment_status":"closed","ping_status":"closed","template":"","meta":{"_bbp_topic_count":0,"_bbp_reply_count":0,"_bbp_total_topic_count":0,"_bbp_total_reply_count":0,"_bbp_voice_count":0,"_bbp_anonymous_reply_count":0,"_bbp_topic_count_hidden":0,"_bbp_reply_count_hidden":0,"_bbp_forum_subforum_count":0,"footnotes":"","_links_to":"","_links_to_target":""},"class_list":["post-5875","page","type-page","status-publish","hentry","list-style-post"],"_links":{"self":[{"href":"https:\/\/tudulinnakultuurikants.ee\/index.php?rest_route=\/wp\/v2\/pages\/5875","targetHints":{"allow":["GET"]}}],"collection":[{"href":"https:\/\/tudulinnakultuurikants.ee\/index.php?rest_route=\/wp\/v2\/pages"}],"about":[{"href":"https:\/\/tudulinnakultuurikants.ee\/index.php?rest_route=\/wp\/v2\/types\/page"}],"author":[{"embeddable":true,"href":"https:\/\/tudulinnakultuurikants.ee\/index.php?rest_route=\/wp\/v2\/users\/2"}],"replies":[{"embeddable":true,"href":"https:\/\/tudulinnakultuurikants.ee\/index.php?rest_route=%2Fwp%2Fv2%2Fcomments&post=5875"}],"version-history":[{"count":1,"href":"https:\/\/tudulinnakultuurikants.ee\/index.php?rest_route=\/wp\/v2\/pages\/5875\/revisions"}],"predecessor-version":[{"id":5879,"href":"https:\/\/tudulinnakultuurikants.ee\/index.php?rest_route=\/wp\/v2\/pages\/5875\/revisions\/5879"}],"wp:attachment":[{"href":"https:\/\/tudulinnakultuurikants.ee\/index.php?rest_route=%2Fwp%2Fv2%2Fmedia&parent=5875"}],"curies":[{"name":"wp","href":"https:\/\/api.w.org\/{rel}","templated":true}]}}