{"id":873,"date":"2019-06-21T14:25:30","date_gmt":"2019-06-21T12:25:30","guid":{"rendered":"https:\/\/tudulinnakirik.planet.ee\/?page_id=873"},"modified":"2019-07-11T10:07:09","modified_gmt":"2019-07-11T08:07:09","slug":"mottetalgud","status":"publish","type":"page","link":"https:\/\/tudulinnakultuurikants.ee\/?page_id=873","title":{"rendered":"M\u00f5ttetalgud"},"content":{"rendered":"<p>K\u00f5igepealt m\u00f5tle, siis tegutse!<\/p>\n<p>Kogumaks ideid Tudulinna vanale puukirikule tulevase funktsiooni leidmiseks, et see teeniks maksimaalselt kohaliku kogukonna huve ja vajadusi, kutsus MT\u00dc Tudulinna Kultuurikants 2018 aasta algul kokku M\u00f5ttetalgud. Neil osales ligi 30 inimest l\u00e4hemalt ja kaugemalt. P\u00f5hjaliku arutelu ja t\u00f6\u00f6tubade k\u00e4igus pakuti v\u00e4lja hulk h\u00e4id ideid, mis on k\u00f5ik s\u00fcstematiseeritud ja talletatud. Kindlasti saavad neist paljud ka ellu viidud kui aeg k\u00e4tte j\u00f5uab.<\/p>\n<figure id=\"attachment_377\" aria-describedby=\"caption-attachment-377\" style=\"width: 300px\" class=\"wp-caption alignnone\"><img loading=\"lazy\" decoding=\"async\" class=\"size-medium wp-image-377\" src=\"https:\/\/tudulinnakirik.planet.ee\/wp-content\/uploads\/2019\/05\/IMG_7858-300x200.jpg\" alt=\"\" width=\"300\" height=\"200\" srcset=\"https:\/\/tudulinnakultuurikants.ee\/wp-content\/uploads\/2019\/05\/IMG_7858-300x200.jpg 300w, https:\/\/tudulinnakultuurikants.ee\/wp-content\/uploads\/2019\/05\/IMG_7858-768x512.jpg 768w, https:\/\/tudulinnakultuurikants.ee\/wp-content\/uploads\/2019\/05\/IMG_7858-1024x683.jpg 1024w, https:\/\/tudulinnakultuurikants.ee\/wp-content\/uploads\/2019\/05\/IMG_7858-270x180.jpg 270w, https:\/\/tudulinnakultuurikants.ee\/wp-content\/uploads\/2019\/05\/IMG_7858-710x473.jpg 710w, https:\/\/tudulinnakultuurikants.ee\/wp-content\/uploads\/2019\/05\/IMG_7858-272x182.jpg 272w\" sizes=\"auto, (max-width: 300px) 100vw, 300px\" \/><figcaption id=\"caption-attachment-377\" class=\"wp-caption-text\">M\u00f5ttetalgulised Tudulinna koolimajas. Foto: Andres Meresmaa<\/figcaption><\/figure>\n","protected":false},"excerpt":{"rendered":"<p>K\u00f5igepealt m\u00f5tle, siis tegutse! Kogumaks ideid Tudulinna vanale puukirikule tulevase funktsiooni leidmiseks, et see teeniks maksimaalselt kohaliku kogukonna huve ja vajadusi, kutsus MT\u00dc Tudulinna Kultuurikants 2018 aasta algul kokku M\u00f5ttetalgud. Neil osales ligi 30 inimest l\u00e4hemalt ja kaugemalt. P\u00f5hjaliku arutelu ja t\u00f6\u00f6tubade k\u00e4igus pakuti v\u00e4lja hulk h\u00e4id ideid, mis on&nbsp;[ &hellip; ]<\/p>\n","protected":false},"author":1,"featured_media":0,"parent":0,"menu_order":0,"comment_status":"closed","ping_status":"closed","template":"","meta":{"_bbp_topic_count":0,"_bbp_reply_count":0,"_bbp_total_topic_count":0,"_bbp_total_reply_count":0,"_bbp_voice_count":0,"_bbp_anonymous_reply_count":0,"_bbp_topic_count_hidden":0,"_bbp_reply_count_hidden":0,"_bbp_forum_subforum_count":0,"footnotes":"","_links_to":"","_links_to_target":""},"class_list":["post-873","page","type-page","status-publish","hentry","list-style-post"],"_links":{"self":[{"href":"https:\/\/tudulinnakultuurikants.ee\/index.php?rest_route=\/wp\/v2\/pages\/873","targetHints":{"allow":["GET"]}}],"collection":[{"href":"https:\/\/tudulinnakultuurikants.ee\/index.php?rest_route=\/wp\/v2\/pages"}],"about":[{"href":"https:\/\/tudulinnakultuurikants.ee\/index.php?rest_route=\/wp\/v2\/types\/page"}],"author":[{"embeddable":true,"href":"https:\/\/tudulinnakultuurikants.ee\/index.php?rest_route=\/wp\/v2\/users\/1"}],"replies":[{"embeddable":true,"href":"https:\/\/tudulinnakultuurikants.ee\/index.php?rest_route=%2Fwp%2Fv2%2Fcomments&post=873"}],"version-history":[{"count":3,"href":"https:\/\/tudulinnakultuurikants.ee\/index.php?rest_route=\/wp\/v2\/pages\/873\/revisions"}],"predecessor-version":[{"id":1055,"href":"https:\/\/tudulinnakultuurikants.ee\/index.php?rest_route=\/wp\/v2\/pages\/873\/revisions\/1055"}],"wp:attachment":[{"href":"https:\/\/tudulinnakultuurikants.ee\/index.php?rest_route=%2Fwp%2Fv2%2Fmedia&parent=873"}],"curies":[{"name":"wp","href":"https:\/\/api.w.org\/{rel}","templated":true}]}}