{"id":902,"date":"2019-06-24T12:25:13","date_gmt":"2019-06-24T10:25:13","guid":{"rendered":"https:\/\/tudulinnakirik.planet.ee\/?page_id=902"},"modified":"2019-06-24T12:25:13","modified_gmt":"2019-06-24T10:25:13","slug":"parandivaderite-paev","status":"publish","type":"page","link":"https:\/\/tudulinnakultuurikants.ee\/?page_id=902","title":{"rendered":"P\u00e4randivaderite p\u00e4ev"},"content":{"rendered":"<p>4. juunil 2018 toimus P\u00e4randivaderite P\u00e4ev koost\u00f6\u00f6s Tudulinna kooliga. \u00d5petajad ja \u00f5pilased tulid tutvuma vana kiriku ja M\u00f6dri veskiga. Ajalootutvustuse k\u00e4igus r\u00e4\u00e4giti nende kahe v\u00e4\u00e4rika hoone ehitusloost ja kohast mineviku ja t\u00e4nap\u00e4eva Tudulinnas. \u00dchtlasi korrastati vana kiriku sisemust ja \u00fcmbrust.<\/p>\n","protected":false},"excerpt":{"rendered":"<p>4. juunil 2018 toimus P\u00e4randivaderite P\u00e4ev koost\u00f6\u00f6s Tudulinna kooliga. \u00d5petajad ja \u00f5pilased tulid tutvuma vana kiriku ja M\u00f6dri veskiga. Ajalootutvustuse k\u00e4igus r\u00e4\u00e4giti nende kahe v\u00e4\u00e4rika hoone ehitusloost ja kohast mineviku ja t\u00e4nap\u00e4eva Tudulinnas. \u00dchtlasi korrastati vana kiriku sisemust ja \u00fcmbrust.<\/p>\n","protected":false},"author":2,"featured_media":0,"parent":0,"menu_order":0,"comment_status":"closed","ping_status":"closed","template":"","meta":{"_bbp_topic_count":0,"_bbp_reply_count":0,"_bbp_total_topic_count":0,"_bbp_total_reply_count":0,"_bbp_voice_count":0,"_bbp_anonymous_reply_count":0,"_bbp_topic_count_hidden":0,"_bbp_reply_count_hidden":0,"_bbp_forum_subforum_count":0,"footnotes":"","_links_to":"","_links_to_target":""},"class_list":["post-902","page","type-page","status-publish","hentry","list-style-post"],"_links":{"self":[{"href":"https:\/\/tudulinnakultuurikants.ee\/index.php?rest_route=\/wp\/v2\/pages\/902","targetHints":{"allow":["GET"]}}],"collection":[{"href":"https:\/\/tudulinnakultuurikants.ee\/index.php?rest_route=\/wp\/v2\/pages"}],"about":[{"href":"https:\/\/tudulinnakultuurikants.ee\/index.php?rest_route=\/wp\/v2\/types\/page"}],"author":[{"embeddable":true,"href":"https:\/\/tudulinnakultuurikants.ee\/index.php?rest_route=\/wp\/v2\/users\/2"}],"replies":[{"embeddable":true,"href":"https:\/\/tudulinnakultuurikants.ee\/index.php?rest_route=%2Fwp%2Fv2%2Fcomments&post=902"}],"version-history":[{"count":1,"href":"https:\/\/tudulinnakultuurikants.ee\/index.php?rest_route=\/wp\/v2\/pages\/902\/revisions"}],"predecessor-version":[{"id":903,"href":"https:\/\/tudulinnakultuurikants.ee\/index.php?rest_route=\/wp\/v2\/pages\/902\/revisions\/903"}],"wp:attachment":[{"href":"https:\/\/tudulinnakultuurikants.ee\/index.php?rest_route=%2Fwp%2Fv2%2Fmedia&parent=902"}],"curies":[{"name":"wp","href":"https:\/\/api.w.org\/{rel}","templated":true}]}}