{"id":907,"date":"2019-06-25T10:42:49","date_gmt":"2019-06-25T08:42:49","guid":{"rendered":"https:\/\/tudulinnakirik.planet.ee\/?page_id=907"},"modified":"2019-07-12T23:42:34","modified_gmt":"2019-07-12T21:42:34","slug":"tudulinna-tuled-2018","status":"publish","type":"page","link":"https:\/\/tudulinnakultuurikants.ee\/?page_id=907","title":{"rendered":"Tudulinna Tuled 2018"},"content":{"rendered":"<p>25-26 augustil 2018 leidis aset omap\u00e4rane suvel\u00f5pufestival <strong>Tudulinna Tuled<\/strong> koost\u00f6\u00f6s Peipsi Toidutee ettev\u00f5tmistega. Festival pakkus mitmesuguseid kultuurielamusi:<\/p>\n<p>Vana kirik oli kahe p\u00e4eva jooksul avatud k\u00fclastajatele.<\/p>\n<p>Kunstnik T\u00f5nu Talve maalis kitarrist Robert J\u00fcrjendali muusika saatel Tudulinna p\u00fchakodadest inspireeritud kahepoolse maali.<\/p>\n<p>Tudulinna juurtega folklorist Mall Hiiem\u00e4e pajatas p\u00f5nevaid p\u00e4rimuslugusid.<\/p>\n<p>Hilis\u00f5htul s\u00fc\u00fcdati Linnam\u00e4el suve l\u00f5petamise s\u00fcmbolina muinastuli<\/p>\n<p>P\u00fchap\u00e4eval korraldati koost\u00f6\u00f6s Rahu kogudusega kontsert-jumalateenistus Rahu kirikus, kus muusikalist k\u00fclakosti pakkus Eesti tuntumaid kitarripedagooge Heiki M\u00e4tlik.<\/p>\n<p><a href=\"https:\/\/tudulinnakultuurikants.ee\/wp-content\/uploads\/2019\/07\/Tudulinna-tuled-2018-plakat.pdf\">Tudulinna tuled 2018 plakat<\/a><\/p>\n","protected":false},"excerpt":{"rendered":"<p>25-26 augustil 2018 leidis aset omap\u00e4rane suvel\u00f5pufestival Tudulinna Tuled koost\u00f6\u00f6s Peipsi Toidutee ettev\u00f5tmistega. Festival pakkus mitmesuguseid kultuurielamusi: Vana kirik oli kahe p\u00e4eva jooksul avatud k\u00fclastajatele. Kunstnik T\u00f5nu Talve maalis kitarrist Robert J\u00fcrjendali muusika saatel Tudulinna p\u00fchakodadest inspireeritud kahepoolse maali. Tudulinna juurtega folklorist Mall Hiiem\u00e4e pajatas p\u00f5nevaid p\u00e4rimuslugusid. Hilis\u00f5htul s\u00fc\u00fcdati Linnam\u00e4el&nbsp;[ &hellip; ]<\/p>\n","protected":false},"author":2,"featured_media":0,"parent":0,"menu_order":0,"comment_status":"closed","ping_status":"closed","template":"","meta":{"_bbp_topic_count":0,"_bbp_reply_count":0,"_bbp_total_topic_count":0,"_bbp_total_reply_count":0,"_bbp_voice_count":0,"_bbp_anonymous_reply_count":0,"_bbp_topic_count_hidden":0,"_bbp_reply_count_hidden":0,"_bbp_forum_subforum_count":0,"footnotes":"","_links_to":"","_links_to_target":""},"class_list":["post-907","page","type-page","status-publish","hentry","list-style-post"],"_links":{"self":[{"href":"https:\/\/tudulinnakultuurikants.ee\/index.php?rest_route=\/wp\/v2\/pages\/907","targetHints":{"allow":["GET"]}}],"collection":[{"href":"https:\/\/tudulinnakultuurikants.ee\/index.php?rest_route=\/wp\/v2\/pages"}],"about":[{"href":"https:\/\/tudulinnakultuurikants.ee\/index.php?rest_route=\/wp\/v2\/types\/page"}],"author":[{"embeddable":true,"href":"https:\/\/tudulinnakultuurikants.ee\/index.php?rest_route=\/wp\/v2\/users\/2"}],"replies":[{"embeddable":true,"href":"https:\/\/tudulinnakultuurikants.ee\/index.php?rest_route=%2Fwp%2Fv2%2Fcomments&post=907"}],"version-history":[{"count":6,"href":"https:\/\/tudulinnakultuurikants.ee\/index.php?rest_route=\/wp\/v2\/pages\/907\/revisions"}],"predecessor-version":[{"id":1104,"href":"https:\/\/tudulinnakultuurikants.ee\/index.php?rest_route=\/wp\/v2\/pages\/907\/revisions\/1104"}],"wp:attachment":[{"href":"https:\/\/tudulinnakultuurikants.ee\/index.php?rest_route=%2Fwp%2Fv2%2Fmedia&parent=907"}],"curies":[{"name":"wp","href":"https:\/\/api.w.org\/{rel}","templated":true}]}}